000
CXUS51 KALY 011240
CLMALB


CLIMATE REPORT
NATIONAL WEATHER SERVICE ALBANY NY
740 AM EST SUN MAR 1 2015

...................................

...THE ALBANY NY CLIMATE SUMMARY FOR THE MONTH OF FEBRUARY 2015...

CLIMATE NORMAL PERIOD 1981 TO 2010
CLIMATE RECORD PERIOD 1874 TO 2015

WEATHER         OBSERVED          NORMAL  DEPART  LAST YEAR`S
                 VALUE   DATE(S)  VALUE   FROM    VALUE  DATE(S)
                                          NORMAL
................................................................
TEMPERATURE (F)
RECORD
 HIGH              68   02/22/1997
 LOW              -22   02/15/1943
HIGHEST            34   02/22        33       1       51  02/22
LOWEST            -12   02/03        14     -26       -8  02/12
AVG. MAXIMUM     23.0              34.6   -11.6     30.6
AVG. MINIMUM      2.4              17.3   -14.9     13.2
MEAN             12.7              25.9   -13.2     21.9
DAYS MAX >= 90      0               0.0     0.0        0
DAYS MAX <= 32     26              11.0    15.0       18
DAYS MIN <= 32     28              25.5     2.5       28
DAYS MIN <= 0      12               1.8    10.2        3

PRECIPITATION (INCHES)
RECORD
 MAXIMUM         5.19   1870
 MINIMUM         0.24   1987
TOTALS           2.15              2.20   -0.05     3.48
DAILY AVG.       0.08              0.08    0.00     0.12
DAYS >= .01        13              10.4     2.6       10
DAYS >= .10         4               5.2    -1.2        6
DAYS >= .50         1               1.5    -0.5        3
DAYS >= 1.00        0               0.3    -0.3        1
GREATEST
 24 HR. TOTAL    0.88   02/02 TO 02/02

SNOWFALL (INCHES)
RECORDS
 TOTAL           40.7   1893
 24 HR TOTAL     23.5   02/14/1914 TO 02/14/1914
 SNOW DEPTH        22   02/08/1971
TOTALS           30.6              12.4    18.2     28.1
SINCE 7/1        70.6              46.5    24.1     65.2
SNOWDEPTH AVG.     12
DAYS >= TRACE      21               7.6    13.4       18
DAYS >= 1.0         5               2.9     2.1        4
GREATEST
 SNOW DEPTH        17   02/15                         18  02/14
 24 HR TOTAL     11.9   MM

DEGREE_DAYS
HEATING TOTAL    1459              1093     366     1200
 SINCE 7/1       5130              4944     186     5117
COOLING TOTAL       0                 0       0        0
 SINCE 1/1          0                 0       0        0

FREEZE DATES
RECORD
 EARLIEST     09/24/1963
 LATEST       05/27/1969
EARLIEST      02/01             10/10
LATEST        02/28             04/28
.................................................................

WIND (MPH)
AVERAGE WIND SPEED              8.7
HIGHEST WIND SPEED/DIRECTION    36/280    DATE  02/15
HIGHEST GUST SPEED/DIRECTION    46/280    DATE  02/19

SKY COVER
AVERAGE SKY COVER           0.60

AVERAGE RH (PERCENT)     62

WEATHER CONDITIONS. NUMBER OF DAYS WITH
THUNDERSTORM              0     MIXED PRECIP               0
HEAVY RAIN                0     RAIN                       0
LIGHT RAIN                0     FREEZING RAIN              0
LT FREEZING RAIN          0     HAIL                       0
HEAVY SNOW                2     SNOW                       4
LIGHT SNOW               20     SLEET                      0
FOG                      11     FOG W/VIS <= 1/4 MILE      0
HAZE                      3

-  INDICATES NEGATIVE NUMBERS.
R  INDICATES RECORD WAS SET OR TIED.
MM INDICATES DATA IS MISSING.
T  INDICATES TRACE AMOUNT.

$$
