000
CDUS43 KGRR 282132
CLIAZO


CLIMATE REPORT
NATIONAL WEATHER SERVICE GRAND RAPIDS, MI
532 PM EDT TUE APR 28 2015


...................................

...THE KALAMAZOO MI CLIMATE SUMMARY FOR APRIL 28 2015...
VALID TODAY AS OF 0500 PM LOCAL TIME.

CLIMATE NORMAL PERIOD 1981 TO 2010
CLIMATE RECORD PERIOD 1998 TO 2015


WEATHER ITEM   OBSERVED TIME   NORMAL DEPARTURE LAST
                VALUE   (LST)  VALUE  FROM      YEAR
                                      NORMAL
......................................................
TEMPERATURE (F)
 TODAY
  MAXIMUM         63    356 PM  65     -2       56
  MINIMUM         33    613 AM  42     -9       45
  AVERAGE         48            54     -6       51

PRECIPITATION (IN)
  TODAY            0.00          0.13  -0.13     0.13
  MONTH TO DATE    2.03          2.79  -0.76     1.83
  SINCE MAR 1      2.36          5.04  -2.68     3.08
  SINCE JAN 1      3.89          8.28  -4.39     5.61

DEGREE DAYS
 HEATING
  TODAY           17            12      5       14
  MONTH TO DATE  416           463    -47      485
  SINCE MAR 1   1385          1347     38     1644
  SINCE JUL 1   6671          6120    551     6812

 COOLING
  TODAY            0             0      0        0
  MONTH TO DATE    0             0      0        0
  SINCE MAR 1      0             0      0        0
  SINCE JAN 1      0             0      0        0
......................................................


WIND (MPH)
  RESULTANT WIND SPEED   1   RESULTANT WIND DIRECTION   W (250)
  HIGHEST WIND SPEED    10   HIGHEST WIND DIRECTION    SW (220)
  HIGHEST GUST SPEED    13   HIGHEST GUST DIRECTION    SW (220)
  AVERAGE WIND SPEED     2.2


SKY COVER
  AVERAGE SKY COVER 0.1


WEATHER CONDITIONS
 THE FOLLOWING WEATHER WAS RECORDED TODAY.
  NO SIGNIFICANT WEATHER WAS OBSERVED.


RELATIVE HUMIDITY (PERCENT)
 HIGHEST    96           500 AM
 LOWEST     36           400 PM
 AVERAGE    66

..........................................................


THE KALAMAZOO MI CLIMATE NORMALS FOR TOMORROW
                         NORMAL
 MAXIMUM TEMPERATURE (F)   65
 MINIMUM TEMPERATURE (F)   43


SUNRISE AND SUNSET
APRIL 28 2015.........SUNRISE   642 AM EDT   SUNSET   838 PM EDT
APRIL 29 2015.........SUNRISE   641 AM EDT   SUNSET   839 PM EDT


-  INDICATES NEGATIVE NUMBERS.
R  INDICATES RECORD WAS SET OR TIED.
MM INDICATES DATA IS MISSING.
T  INDICATES TRACE AMOUNT.




$$
