000
CDUS41 KBOX 300539
CLIBDL


CLIMATE REPORT
NATIONAL WEATHER SERVICE TAUNTON MA
136 AM EDT THU APR 30 2015


...................................

...THE HARTFORD CT CLIMATE SUMMARY FOR APRIL 29 2015...

CLIMATE NORMAL PERIOD 1981 TO 2010
CLIMATE RECORD PERIOD 1904 TO 2015


WEATHER ITEM   OBSERVED TIME   RECORD YEAR NORMAL DEPARTURE LAST
                VALUE   (LST)  VALUE       VALUE  FROM      YEAR
                                                  NORMAL
..................................................................
TEMPERATURE (F)
 YESTERDAY
  MAXIMUM         75   1256 PM  91    1974  66      9       51
  MINIMUM         47   1156 PM  30    1949  43      4       41
  AVERAGE         61                        54      7       46

PRECIPITATION (IN)
  YESTERDAY        0.00          1.19 1996   0.13  -0.13     0.02
  MONTH TO DATE    3.40                      3.60  -0.20     3.52
  SINCE MAR 1      6.06                      7.22  -1.16     8.24
  SINCE JAN 1     12.24                     13.34  -1.10    15.61

SNOWFALL (IN)
  YESTERDAY        0.0           0.5  1909   0.0    0.0      0.0
  MONTH TO DATE    T                         1.4   -1.4      0.2
  SINCE MAR 1      9.0                       7.8    1.2      1.0
  SINCE JUL 1     63.8                      40.5   23.3     51.1
  SNOW DEPTH       0

DEGREE DAYS
 HEATING
  YESTERDAY        4                        11     -7       19
  MONTH TO DATE  447                       463    -16      457
  SINCE MAR 1   1445                      1306    139     1496
  SINCE JUL 1   6090                      5744    346     6175

 COOLING
  YESTERDAY        0                         0      0        0
  MONTH TO DATE    0                         0      0        1
  SINCE MAR 1      0                         0      0        1
  SINCE JAN 1      0                         0      0        1
..................................................................


WIND (MPH)
  RESULTANT WIND SPEED   3   RESULTANT WIND DIRECTION  NW (310)
  HIGHEST WIND SPEED    22   HIGHEST WIND DIRECTION     N (10)
  HIGHEST GUST SPEED    28   HIGHEST GUST DIRECTION     N (10)
  AVERAGE WIND SPEED     9.6


SKY COVER
  POSSIBLE SUNSHINE  MM
  AVERAGE SKY COVER 0.4


WEATHER CONDITIONS
 THE FOLLOWING WEATHER WAS RECORDED YESTERDAY.
  NO SIGNIFICANT WEATHER WAS OBSERVED.


RELATIVE HUMIDITY (PERCENT)
 HIGHEST    66           500 AM
 LOWEST     20           100 PM
 AVERAGE    43

..........................................................


THE HARTFORD CT CLIMATE NORMALS FOR TODAY
                         NORMAL    RECORD    YEAR
 MAXIMUM TEMPERATURE (F)   66        86      1942
 MINIMUM TEMPERATURE (F)   43        31      1978


SUNRISE AND SUNSET
APRIL 30 2015.........SUNRISE   549 AM EDT   SUNSET   748 PM EDT
MAY  1 2015...........SUNRISE   547 AM EDT   SUNSET   749 PM EDT


-  INDICATES NEGATIVE NUMBERS.
R  INDICATES RECORD WAS SET OR TIED.
MM INDICATES DATA IS MISSING.
T  INDICATES TRACE AMOUNT.




$$
