000
CDUS41 KBOX 132134
CLIBDL


CLIMATE REPORT
NATIONAL WEATHER SERVICE TAUNTON MA
534 PM EDT MON APR 13 2015


...................................

...THE HARTFORD CT CLIMATE SUMMARY FOR APRIL 13 2015...
VALID TODAY AS OF 0500 PM LOCAL TIME.

CLIMATE NORMAL PERIOD 1981 TO 2010
CLIMATE RECORD PERIOD 1904 TO 2015


WEATHER ITEM   OBSERVED TIME   RECORD YEAR NORMAL DEPARTURE LAST
                VALUE   (LST)  VALUE       VALUE  FROM      YEAR
                                                  NORMAL
..................................................................
TEMPERATURE (F)
 TODAY
  MAXIMUM         71    226 PM  86    1977  60     11       75
  MINIMUM         34    517 AM  24    1990  38     -4       43
  AVERAGE         53                        49      4       59

PRECIPITATION (IN)
  TODAY            0.00          2.25 2004   0.13  -0.13      T
  MONTH TO DATE    1.66                      1.65   0.01     0.96
  SINCE MAR 1      4.32                      5.27  -0.95     5.68
  SINCE JAN 1     10.50                     11.39  -0.89    13.05

SNOWFALL (IN)
  TODAY            0.0           1.8  1918   0.1   -0.1      0.0
  MONTH TO DATE    0.0                       1.0   -1.0      0.0
  SINCE MAR 1      9.0                       7.4    1.6      0.8
  SINCE JUL 1     63.8                      40.1   23.7     50.9
  SNOW DEPTH       0

DEGREE DAYS
 HEATING
  TODAY           12                        17     -5        6
  MONTH TO DATE  258                       247     11      200
  SINCE MAR 1   1256                      1090    166     1239
  SINCE JUL 1   5901                      5528    373     5918

 COOLING
  TODAY            0                         0      0        0
  MONTH TO DATE    0                         0      0        0
  SINCE MAR 1      0                         0      0        0
  SINCE JAN 1      0                         0      0        0
..................................................................


WIND (MPH)
  HIGHEST WIND SPEED    24   HIGHEST WIND DIRECTION     S (180)
  HIGHEST GUST SPEED    32   HIGHEST GUST DIRECTION     S (180)
  AVERAGE WIND SPEED     8.2


SKY COVER
  POSSIBLE SUNSHINE  MM
  AVERAGE SKY COVER 0.4


WEATHER CONDITIONS
 THE FOLLOWING WEATHER WAS RECORDED TODAY.
  NO SIGNIFICANT WEATHER WAS OBSERVED.


RELATIVE HUMIDITY (PERCENT)
 HIGHEST    82           500 AM
 LOWEST     26          1200 PM
 AVERAGE    54

..........................................................


THE HARTFORD CT CLIMATE NORMALS FOR TOMORROW
                         NORMAL    RECORD    YEAR
 MAXIMUM TEMPERATURE (F)   60        82      1941
 MINIMUM TEMPERATURE (F)   38        24      1959


SUNRISE AND SUNSET
APRIL 13 2015.........SUNRISE   614 AM EDT   SUNSET   729 PM EDT
APRIL 14 2015.........SUNRISE   612 AM EDT   SUNSET   730 PM EDT


-  INDICATES NEGATIVE NUMBERS.
R  INDICATES RECORD WAS SET OR TIED.
MM INDICATES DATA IS MISSING.
T  INDICATES TRACE AMOUNT.




$$
