000
CDUS41 KBOX 210549
CLIBDL


CLIMATE REPORT
NATIONAL WEATHER SERVICE TAUNTON MA
146 AM EDT TUE APR 21 2015


...................................

...THE HARTFORD CT CLIMATE SUMMARY FOR APRIL 20 2015...

CLIMATE NORMAL PERIOD 1981 TO 2010
CLIMATE RECORD PERIOD 1904 TO 2015


WEATHER ITEM   OBSERVED TIME   RECORD YEAR NORMAL DEPARTURE LAST
                VALUE   (LST)  VALUE       VALUE  FROM      YEAR
                                                  NORMAL
..................................................................
TEMPERATURE (F)
 YESTERDAY
  MAXIMUM         51   1017 PM  89    1976  63    -12       61
  MINIMUM         43    649 AM  25    1926  40      3       34
  AVERAGE         47                        51     -4       48

PRECIPITATION (IN)
  YESTERDAY        1.15          1.40 1972   0.11   1.04     0.00
  MONTH TO DATE    2.95                      2.48   0.47     2.44
  SINCE MAR 1      5.61                      6.10  -0.49     7.16
  SINCE JAN 1     11.79                     12.22  -0.43    14.53

SNOWFALL (IN)
  YESTERDAY        0.0           0.1  1983   0.0    0.0      0.0
  MONTH TO DATE    0.0                       1.3   -1.3      0.2
  SINCE MAR 1      9.0                       7.7    1.3      1.0
  SINCE JUL 1     63.8                      40.4   23.4     51.1
  SNOW DEPTH       0

DEGREE DAYS
 HEATING
  YESTERDAY       18                        14      4       17
  MONTH TO DATE  326                       352    -26      329
  SINCE MAR 1   1324                      1195    129     1368
  SINCE JUL 1   5969                      5633    336     6047

 COOLING
  YESTERDAY        0                         0      0        0
  MONTH TO DATE    0                         0      0        1
  SINCE MAR 1      0                         0      0        1
  SINCE JAN 1      0                         0      0        1
..................................................................


WIND (MPH)
  RESULTANT WIND SPEED   6   RESULTANT WIND DIRECTION  NE (50)
  HIGHEST WIND SPEED    16   HIGHEST WIND DIRECTION     E (100)
  HIGHEST GUST SPEED    24   HIGHEST GUST DIRECTION     E (100)
  AVERAGE WIND SPEED     8.1


SKY COVER
  POSSIBLE SUNSHINE  MM
  AVERAGE SKY COVER 0.9


WEATHER CONDITIONS
 THE FOLLOWING WEATHER WAS RECORDED YESTERDAY.
  RAIN
  LIGHT RAIN
  FOG


RELATIVE HUMIDITY (PERCENT)
 HIGHEST    93           500 PM
 LOWEST     65          1200 AM
 AVERAGE    79

..........................................................


THE HARTFORD CT CLIMATE NORMALS FOR TODAY
                         NORMAL    RECORD    YEAR
 MAXIMUM TEMPERATURE (F)   63        87      1923
 MINIMUM TEMPERATURE (F)   40        27      1961


SUNRISE AND SUNSET
APRIL 21 2015.........SUNRISE   602 AM EDT   SUNSET   738 PM EDT
APRIL 22 2015.........SUNRISE   600 AM EDT   SUNSET   739 PM EDT


-  INDICATES NEGATIVE NUMBERS.
R  INDICATES RECORD WAS SET OR TIED.
MM INDICATES DATA IS MISSING.
T  INDICATES TRACE AMOUNT.




$$
