000
CDUS41 KBOX 012123
CLIBDL


CLIMATE REPORT
NATIONAL WEATHER SERVICE TAUNTON MA
523 PM EDT FRI MAY 1 2015


...................................

...THE HARTFORD CT CLIMATE SUMMARY FOR MAY 1 2015...
VALID TODAY AS OF 0500 PM LOCAL TIME.

CLIMATE NORMAL PERIOD 1981 TO 2010
CLIMATE RECORD PERIOD 1904 TO 2015


WEATHER ITEM   OBSERVED TIME   RECORD YEAR NORMAL DEPARTURE LAST
                VALUE   (LST)  VALUE       VALUE  FROM      YEAR
                                                  NORMAL
..................................................................
TEMPERATURE (F)
 TODAY
  MAXIMUM         62    240 PM  88    2001  67     -5       69
  MINIMUM         47    442 AM  28    2008  43      4       44
  AVERAGE         55                        55      0       57

PRECIPITATION (IN)
  TODAY            0.00          1.50 1976   0.12  -0.12     0.89
  MONTH TO DATE    0.00                      0.12  -0.12     0.89
  SINCE MAR 1      6.06                      7.46  -1.40    11.07
  SINCE JAN 1     12.24                     13.58  -1.34    18.44

SNOWFALL (IN)
  TODAY            0.0           T    1905   0.0    0.0      0.0
  MONTH TO DATE    0.0                       0.0    0.0      0.0
  SINCE MAR 1      9.0                       7.8    1.2      1.0
  SINCE JUL 1     63.8                      40.5   23.3     51.1
  SNOW DEPTH       0

DEGREE DAYS
 HEATING
  TODAY           10                        10      0        8
  MONTH TO DATE   10                        10      0        8
  SINCE MAR 1   1468                      1325    143     1526
  SINCE JUL 1   6113                      5763    350     6205

 COOLING
  TODAY            0                         0      0        0
  MONTH TO DATE    0                         0      0        0
  SINCE MAR 1      0                         6     -6        1
  SINCE JAN 1      0                         6     -6        1
..................................................................


WIND (MPH)
  HIGHEST WIND SPEED    13   HIGHEST WIND DIRECTION    NE (40)
  HIGHEST GUST SPEED    16   HIGHEST GUST DIRECTION    NE (40)
  AVERAGE WIND SPEED     5.7


SKY COVER
  POSSIBLE SUNSHINE  MM
  AVERAGE SKY COVER 0.8


WEATHER CONDITIONS
 THE FOLLOWING WEATHER WAS RECORDED TODAY.
  NO SIGNIFICANT WEATHER WAS OBSERVED.


RELATIVE HUMIDITY (PERCENT)
 HIGHEST    71           500 AM
 LOWEST     42           200 PM
 AVERAGE    57

..........................................................


THE HARTFORD CT CLIMATE NORMALS FOR TOMORROW
                         NORMAL    RECORD    YEAR
 MAXIMUM TEMPERATURE (F)   67        93      2001
 MINIMUM TEMPERATURE (F)   44        30      1943


SUNRISE AND SUNSET
MAY  1 2015...........SUNRISE   547 AM EDT   SUNSET   749 PM EDT
MAY  2 2015...........SUNRISE   546 AM EDT   SUNSET   750 PM EDT


-  INDICATES NEGATIVE NUMBERS.
R  INDICATES RECORD WAS SET OR TIED.
MM INDICATES DATA IS MISSING.
T  INDICATES TRACE AMOUNT.




$$
