000
CDUS41 KBOX 152133
CLIBDL


CLIMATE REPORT
NATIONAL WEATHER SERVICE TAUNTON MA
531 PM EDT WED APR 15 2015


...................................

...THE HARTFORD CT CLIMATE SUMMARY FOR APRIL 15 2015...
VALID TODAY AS OF 0500 PM LOCAL TIME.

CLIMATE NORMAL PERIOD 1981 TO 2010
CLIMATE RECORD PERIOD 1904 TO 2015


WEATHER ITEM   OBSERVED TIME   RECORD YEAR NORMAL DEPARTURE LAST
                VALUE   (LST)  VALUE       VALUE  FROM      YEAR
                                                  NORMAL
..................................................................
TEMPERATURE (F)
 TODAY
  MAXIMUM         71    121 PM  88    1941  60     11       63
  MINIMUM         40    512 AM  24    1957  38      2       32
  AVERAGE         56                        49      7       48

PRECIPITATION (IN)
  TODAY            0.00          3.21 2007   0.12  -0.12     1.44
  MONTH TO DATE    1.70                      1.90  -0.20     2.40
  SINCE MAR 1      4.36                      5.52  -1.16     7.12
  SINCE JAN 1     10.54                     11.64  -1.10    14.49

SNOWFALL (IN)
  TODAY            0.0           T    2014   0.1   -0.1       T
                                      2007
                                      1988
  MONTH TO DATE    0.0                       1.1   -1.1       T
  SINCE MAR 1      9.0                       7.5    1.5      0.8
  SINCE JUL 1     63.8                      40.2   23.6     50.9
  SNOW DEPTH       0

DEGREE DAYS
 HEATING
  TODAY            9                        16     -7       17
  MONTH TO DATE  273                       279     -6      217
  SINCE MAR 1   1271                      1122    149     1256
  SINCE JUL 1   5916                      5560    356     5935

 COOLING
  TODAY            0                         0      0        0
  MONTH TO DATE    0                         0      0        1
  SINCE MAR 1      0                         0      0        1
  SINCE JAN 1      0                         0      0        1
..................................................................


WIND (MPH)
  HIGHEST WIND SPEED    26   HIGHEST WIND DIRECTION    NE (30)
  HIGHEST GUST SPEED    37   HIGHEST GUST DIRECTION    NE (30)
  AVERAGE WIND SPEED     9.7


SKY COVER
  POSSIBLE SUNSHINE  MM
  AVERAGE SKY COVER 0.2


WEATHER CONDITIONS
 THE FOLLOWING WEATHER WAS RECORDED TODAY.
  NO SIGNIFICANT WEATHER WAS OBSERVED.


RELATIVE HUMIDITY (PERCENT)
 HIGHEST    45           400 AM
 LOWEST     13           200 PM
 AVERAGE    29

..........................................................


THE HARTFORD CT CLIMATE NORMALS FOR TOMORROW
                         NORMAL    RECORD    YEAR
 MAXIMUM TEMPERATURE (F)   61        92      2012
 MINIMUM TEMPERATURE (F)   39        21      1943


SUNRISE AND SUNSET
APRIL 15 2015.........SUNRISE   611 AM EDT   SUNSET   731 PM EDT
APRIL 16 2015.........SUNRISE   609 AM EDT   SUNSET   733 PM EDT


-  INDICATES NEGATIVE NUMBERS.
R  INDICATES RECORD WAS SET OR TIED.
MM INDICATES DATA IS MISSING.
T  INDICATES TRACE AMOUNT.




$$
