000
CDUS41 KBOX 251558
CLIBDL


CLIMATE REPORT
NATIONAL WEATHER SERVICE TAUNTON MA
1158 AM EDT SAT APR 25 2015


...................................

...THE HARTFORD CT CLIMATE SUMMARY FOR APRIL 24 2015...

CLIMATE NORMAL PERIOD 1981 TO 2010
CLIMATE RECORD PERIOD 1904 TO 2015


WEATHER ITEM   OBSERVED TIME   RECORD YEAR NORMAL DEPARTURE LAST
                VALUE   (LST)  VALUE       VALUE  FROM      YEAR
                                                  NORMAL
..................................................................
TEMPERATURE (F)
 YESTERDAY
  MAXIMUM         46   1219 PM  88    2001  64    -18       60
  MINIMUM         36   1158 PM  27    1930  41     -5       40
  AVERAGE         41                        53    -12       50

PRECIPITATION (IN)
  YESTERDAY        T             2.25 1944   0.13  -0.13     0.00
  MONTH TO DATE    3.40                      2.97   0.43     2.47
  SINCE MAR 1      6.06                      6.59  -0.53     7.19
  SINCE JAN 1     12.24                     12.71  -0.47    14.56

SNOWFALL (IN)
  YESTERDAY        T             1.1  1967   0.1   -0.1      0.0
  MONTH TO DATE    T                         1.4   -1.4      0.2
  SINCE MAR 1      9.0                       7.8    1.2      1.0
  SINCE JUL 1     63.8                      40.5   23.3     51.1
  SNOW DEPTH       0

DEGREE DAYS
 HEATING
  YESTERDAY       24                        13     11       15
  MONTH TO DATE  387                       405    -18      379
  SINCE MAR 1   1385                      1248    137     1418
  SINCE JUL 1   6030                      5686    344     6097

 COOLING
  YESTERDAY        0                         0      0        0
  MONTH TO DATE    0                         0      0        1
  SINCE MAR 1      0                         0      0        1
  SINCE JAN 1      0                         0      0        1
..................................................................


WIND (MPH)
  RESULTANT WIND SPEED  15   RESULTANT WIND DIRECTION  NW (310)
  HIGHEST WIND SPEED    25   HIGHEST WIND DIRECTION    NW (300)
  HIGHEST GUST SPEED    32   HIGHEST GUST DIRECTION     W (290)
  AVERAGE WIND SPEED    15.0


SKY COVER
  POSSIBLE SUNSHINE  MM
  AVERAGE SKY COVER 0.7


WEATHER CONDITIONS
 THE FOLLOWING WEATHER WAS RECORDED YESTERDAY.
  LIGHT SNOW


RELATIVE HUMIDITY (PERCENT)
 HIGHEST    56           500 AM
 LOWEST     37          1200 PM
 AVERAGE    47

..........................................................


THE HARTFORD CT CLIMATE NORMALS FOR TODAY
                         NORMAL    RECORD    YEAR
 MAXIMUM TEMPERATURE (F)   65        91      2009
 MINIMUM TEMPERATURE (F)   42        26      1956


SUNRISE AND SUNSET
APRIL 25 2015.........SUNRISE   556 AM EDT   SUNSET   743 PM EDT
APRIL 26 2015.........SUNRISE   554 AM EDT   SUNSET   744 PM EDT


-  INDICATES NEGATIVE NUMBERS.
R  INDICATES RECORD WAS SET OR TIED.
MM INDICATES DATA IS MISSING.
T  INDICATES TRACE AMOUNT.




$$
