000
CDUS41 KBOX 010542
CLIBDL


CLIMATE REPORT
NATIONAL WEATHER SERVICE TAUNTON MA
138 AM EDT FRI MAY 1 2015


...................................

...THE HARTFORD CT CLIMATE SUMMARY FOR APRIL 30 2015...

CLIMATE NORMAL PERIOD 1981 TO 2010
CLIMATE RECORD PERIOD 1904 TO 2015


WEATHER ITEM   OBSERVED TIME   RECORD YEAR NORMAL DEPARTURE LAST
                VALUE   (LST)  VALUE       VALUE  FROM      YEAR
                                                  NORMAL
..................................................................
TEMPERATURE (F)
 YESTERDAY
  MAXIMUM         67    215 PM  86    1942  66      1       45
  MINIMUM         37    504 AM  31    1978  43     -6       40
  AVERAGE         52                        55     -3       43

PRECIPITATION (IN)
  YESTERDAY        0.00          1.94 2014   0.12  -0.12     1.94
  MONTH TO DATE    3.40                      3.72  -0.32     5.46
  SINCE MAR 1      6.06                      7.34  -1.28    10.18
  SINCE JAN 1     12.24                     13.46  -1.22    17.55

SNOWFALL (IN)
  YESTERDAY        0.0           0.2  1909   0.0    0.0      0.0
  MONTH TO DATE    T                         1.4   -1.4      0.2
  SINCE MAR 1      9.0                       7.8    1.2      1.0
  SINCE JUL 1     63.8                      40.5   23.3     51.1
  SNOW DEPTH       0

DEGREE DAYS
 HEATING
  YESTERDAY       13                        11      2       22
  MONTH TO DATE  460                       474    -14      479
  SINCE MAR 1   1458                      1315    143     1518
  SINCE JUL 1   6103                      5753    350     6197

 COOLING
  YESTERDAY        0                         0      0        0
  MONTH TO DATE    0                         6     -6        1
  SINCE MAR 1      0                         6     -6        1
  SINCE JAN 1      0                         6     -6        1
..................................................................


WIND (MPH)
  RESULTANT WIND SPEED   2   RESULTANT WIND DIRECTION   E (80)
  HIGHEST WIND SPEED    15   HIGHEST WIND DIRECTION     S (180)
  HIGHEST GUST SPEED    18   HIGHEST GUST DIRECTION     S (170)
  AVERAGE WIND SPEED     4.6


SKY COVER
  POSSIBLE SUNSHINE  MM
  AVERAGE SKY COVER 0.6


WEATHER CONDITIONS
 THE FOLLOWING WEATHER WAS RECORDED YESTERDAY.
  NO SIGNIFICANT WEATHER WAS OBSERVED.


RELATIVE HUMIDITY (PERCENT)
 HIGHEST    82           600 AM
 LOWEST     40           200 PM
 AVERAGE    61

..........................................................


THE HARTFORD CT CLIMATE NORMALS FOR TODAY
                         NORMAL    RECORD    YEAR
 MAXIMUM TEMPERATURE (F)   67        88      2001
 MINIMUM TEMPERATURE (F)   43        28      2008


SUNRISE AND SUNSET
MAY  1 2015...........SUNRISE   547 AM EDT   SUNSET   749 PM EDT
MAY  2 2015...........SUNRISE   546 AM EDT   SUNSET   750 PM EDT


-  INDICATES NEGATIVE NUMBERS.
R  INDICATES RECORD WAS SET OR TIED.
MM INDICATES DATA IS MISSING.
T  INDICATES TRACE AMOUNT.




$$
