000
CDUS41 KBOX 130533
CLIBDL


CLIMATE REPORT
NATIONAL WEATHER SERVICE TAUNTON MA
133 AM EDT MON APR 13 2015


...................................

...THE HARTFORD CT CLIMATE SUMMARY FOR APRIL 12 2015...

CLIMATE NORMAL PERIOD 1981 TO 2010
CLIMATE RECORD PERIOD 1904 TO 2015


WEATHER ITEM   OBSERVED TIME   RECORD YEAR NORMAL DEPARTURE LAST
                VALUE   (LST)  VALUE       VALUE  FROM      YEAR
                                                  NORMAL
..................................................................
TEMPERATURE (F)
 YESTERDAY
  MAXIMUM         72    256 PM  88    1977  59     13       71
  MINIMUM         32    543 AM  22    1976  37     -5       41
                                      1926
  AVERAGE         52                        48      4       56

PRECIPITATION (IN)
  YESTERDAY        0.00          2.53 1934   0.13  -0.13     0.03
  MONTH TO DATE    1.66                      1.52   0.14     0.96
  SINCE MAR 1      4.32                      5.14  -0.82     5.68
  SINCE JAN 1     10.50                     11.26  -0.76    13.05

SNOWFALL (IN)
  YESTERDAY        0.0           2.7  1918   0.1   -0.1      0.0
  MONTH TO DATE    0.0                       0.9   -0.9      0.0
  SINCE MAR 1      9.0                       7.3    1.7      0.8
  SINCE JUL 1     63.8                      40.0   23.8     50.9
  SNOW DEPTH       0

DEGREE DAYS
 HEATING
  YESTERDAY       13                        17     -4        9
  MONTH TO DATE  246                       230     16      194
  SINCE MAR 1   1244                      1073    171     1233
  SINCE JUL 1   5889                      5511    378     5912

 COOLING
  YESTERDAY        0                         0      0        0
  MONTH TO DATE    0                         0      0        0
  SINCE MAR 1      0                         0      0        0
  SINCE JAN 1      0                         0      0        0
..................................................................


WIND (MPH)
  RESULTANT WIND SPEED   2   RESULTANT WIND DIRECTION   S (200)
  HIGHEST WIND SPEED    15   HIGHEST WIND DIRECTION     S (180)
  HIGHEST GUST SPEED    18   HIGHEST GUST DIRECTION    NW (310)
  AVERAGE WIND SPEED     5.6


SKY COVER
  POSSIBLE SUNSHINE  MM
  AVERAGE SKY COVER 0.0


WEATHER CONDITIONS
 THE FOLLOWING WEATHER WAS RECORDED YESTERDAY.
  NO SIGNIFICANT WEATHER WAS OBSERVED.


RELATIVE HUMIDITY (PERCENT)
 HIGHEST    70           600 AM
 LOWEST     17           400 PM
 AVERAGE    44

..........................................................


THE HARTFORD CT CLIMATE NORMALS FOR TODAY
                         NORMAL    RECORD    YEAR
 MAXIMUM TEMPERATURE (F)   60        86      1977
 MINIMUM TEMPERATURE (F)   38        24      1990


SUNRISE AND SUNSET
APRIL 13 2015.........SUNRISE   614 AM EDT   SUNSET   729 PM EDT
APRIL 14 2015.........SUNRISE   612 AM EDT   SUNSET   730 PM EDT


-  INDICATES NEGATIVE NUMBERS.
R  INDICATES RECORD WAS SET OR TIED.
MM INDICATES DATA IS MISSING.
T  INDICATES TRACE AMOUNT.




$$
