000
CDUS41 KBOX 230546
CLIBDL


CLIMATE REPORT
NATIONAL WEATHER SERVICE TAUNTON MA
143 AM EDT THU APR 23 2015


...................................

...THE HARTFORD CT CLIMATE SUMMARY FOR APRIL 22 2015...

CLIMATE NORMAL PERIOD 1981 TO 2010
CLIMATE RECORD PERIOD 1904 TO 2015


WEATHER ITEM   OBSERVED TIME   RECORD YEAR NORMAL DEPARTURE LAST
                VALUE   (LST)  VALUE       VALUE  FROM      YEAR
                                                  NORMAL
..................................................................
TEMPERATURE (F)
 YESTERDAY
  MAXIMUM         71    158 PM  90    1977  63      8       73
                                      1973
  MINIMUM         42   1155 PM  28    2011  41      1       43
                                      1984
                                      1947
  AVERAGE         57                        52      5       58

PRECIPITATION (IN)
  YESTERDAY        0.07          2.98 1969   0.12  -0.05     0.01
  MONTH TO DATE    3.40                      2.72   0.68     2.45
  SINCE MAR 1      6.06                      6.34  -0.28     7.17
  SINCE JAN 1     12.24                     12.46  -0.22    14.54

SNOWFALL (IN)
  YESTERDAY        0.0           0.2  1940   0.0    0.0      0.0
  MONTH TO DATE    0.0                       1.3   -1.3      0.2
  SINCE MAR 1      9.0                       7.7    1.3      1.0
  SINCE JUL 1     63.8                      40.4   23.4     51.1
  SNOW DEPTH       0

DEGREE DAYS
 HEATING
  YESTERDAY        8                        13     -5        7
  MONTH TO DATE  343                       379    -36      350
  SINCE MAR 1   1341                      1222    119     1389
  SINCE JUL 1   5986                      5660    326     6068

 COOLING
  YESTERDAY        0                         0      0        0
  MONTH TO DATE    0                         0      0        1
  SINCE MAR 1      0                         0      0        1
  SINCE JAN 1      0                         0      0        1
..................................................................


WIND (MPH)
  RESULTANT WIND SPEED   9   RESULTANT WIND DIRECTION   S (200)
  HIGHEST WIND SPEED    32   HIGHEST WIND DIRECTION    SW (240)
  HIGHEST GUST SPEED    42   HIGHEST GUST DIRECTION    SW (210)
  AVERAGE WIND SPEED    12.6


SKY COVER
  POSSIBLE SUNSHINE  MM
  AVERAGE SKY COVER 0.6


WEATHER CONDITIONS
 THE FOLLOWING WEATHER WAS RECORDED YESTERDAY.
  RAIN
  LIGHT RAIN


RELATIVE HUMIDITY (PERCENT)
 HIGHEST    77           600 PM
 LOWEST     22           100 PM
 AVERAGE    50

..........................................................


THE HARTFORD CT CLIMATE NORMALS FOR TODAY
                         NORMAL    RECORD    YEAR
 MAXIMUM TEMPERATURE (F)   64        88      2007
 MINIMUM TEMPERATURE (F)   41        26      1989


SUNRISE AND SUNSET
APRIL 23 2015.........SUNRISE   559 AM EDT   SUNSET   740 PM EDT
APRIL 24 2015.........SUNRISE   557 AM EDT   SUNSET   741 PM EDT


-  INDICATES NEGATIVE NUMBERS.
R  INDICATES RECORD WAS SET OR TIED.
MM INDICATES DATA IS MISSING.
T  INDICATES TRACE AMOUNT.




$$
