000
CDUS41 KBOX 190549
CLIBDL


CLIMATE REPORT
NATIONAL WEATHER SERVICE TAUNTON MA
140 AM EDT SUN APR 19 2015


...................................

...THE HARTFORD CT CLIMATE SUMMARY FOR APRIL 18 2015...

CLIMATE NORMAL PERIOD 1981 TO 2010
CLIMATE RECORD PERIOD 1904 TO 2015


WEATHER ITEM   OBSERVED TIME   RECORD YEAR NORMAL DEPARTURE LAST
                VALUE   (LST)  VALUE       VALUE  FROM      YEAR
                                                  NORMAL
..................................................................
TEMPERATURE (F)
 YESTERDAY
  MAXIMUM         81    414 PM  95    1976  62     19       49
  MINIMUM         42    541 AM  24    1962  39      3       26
  AVERAGE         62                        51     11       38

PRECIPITATION (IN)
  YESTERDAY        0.00          0.95 1924   0.11  -0.11     0.00
  MONTH TO DATE    1.80                      2.25  -0.45     2.44
  SINCE MAR 1      4.46                      5.87  -1.41     7.16
  SINCE JAN 1     10.64                     11.99  -1.35    14.53

SNOWFALL (IN)
  YESTERDAY        0.0           1.7  1965   0.0    0.0      0.0
  MONTH TO DATE    0.0                       1.2   -1.2      0.2
  SINCE MAR 1      9.0                       7.6    1.4      1.0
  SINCE JUL 1     63.8                      40.3   23.5     51.1
  SNOW DEPTH       0

DEGREE DAYS
 HEATING
  YESTERDAY        3                        15    -12       27
  MONTH TO DATE  297                       324    -27      297
  SINCE MAR 1   1295                      1167    128     1336
  SINCE JUL 1   5940                      5605    335     6015

 COOLING
  YESTERDAY        0                         0      0        0
  MONTH TO DATE    0                         0      0        1
  SINCE MAR 1      0                         0      0        1
  SINCE JAN 1      0                         0      0        1
..................................................................


WIND (MPH)
  RESULTANT WIND SPEED   6   RESULTANT WIND DIRECTION  NW (300)
  HIGHEST WIND SPEED    31   HIGHEST WIND DIRECTION     W (260)
  HIGHEST GUST SPEED    40   HIGHEST GUST DIRECTION     W (260)
  AVERAGE WIND SPEED     8.7


SKY COVER
  POSSIBLE SUNSHINE  MM
  AVERAGE SKY COVER 0.2


WEATHER CONDITIONS
 THE FOLLOWING WEATHER WAS RECORDED YESTERDAY.
  NO SIGNIFICANT WEATHER WAS OBSERVED.


RELATIVE HUMIDITY (PERCENT)
 HIGHEST    92           300 AM
 LOWEST     21           700 PM
 AVERAGE    57

..........................................................


THE HARTFORD CT CLIMATE NORMALS FOR TODAY
                         NORMAL    RECORD    YEAR
 MAXIMUM TEMPERATURE (F)   62        96      1976
 MINIMUM TEMPERATURE (F)   40        26      1926


SUNRISE AND SUNSET
APRIL 19 2015.........SUNRISE   605 AM EDT   SUNSET   736 PM EDT
APRIL 20 2015.........SUNRISE   603 AM EDT   SUNSET   737 PM EDT


-  INDICATES NEGATIVE NUMBERS.
R  INDICATES RECORD WAS SET OR TIED.
MM INDICATES DATA IS MISSING.
T  INDICATES TRACE AMOUNT.




$$
