000
CDUS41 KBOX 142155
CLIBDL


CLIMATE REPORT
NATIONAL WEATHER SERVICE TAUNTON MA
552 PM EDT TUE APR 14 2015


...................................

...THE HARTFORD CT CLIMATE SUMMARY FOR APRIL 14 2015...
VALID TODAY AS OF 0500 PM LOCAL TIME.

CLIMATE NORMAL PERIOD 1981 TO 2010
CLIMATE RECORD PERIOD 1904 TO 2015


WEATHER ITEM   OBSERVED TIME   RECORD YEAR NORMAL DEPARTURE LAST
                VALUE   (LST)  VALUE       VALUE  FROM      YEAR
                                                  NORMAL
..................................................................
TEMPERATURE (F)
 TODAY
  MAXIMUM         69    113 PM  82    1941  60      9       75
  MINIMUM         49    701 AM  24    1959  38     11       57
  AVERAGE         59                        49     10       66

PRECIPITATION (IN)
  TODAY            0.04          3.57 1909   0.13  -0.09     0.00
  MONTH TO DATE    1.70                      1.78  -0.08     0.96
  SINCE MAR 1      4.36                      5.40  -1.04     5.68
  SINCE JAN 1     10.54                     11.52  -0.98    13.05

SNOWFALL (IN)
  TODAY            0.0           4.0  1950   0.0    0.0      0.0
  MONTH TO DATE    0.0                       1.0   -1.0      0.0
  SINCE MAR 1      9.0                       7.4    1.6      0.8
  SINCE JUL 1     63.8                      40.1   23.7     50.9
  SNOW DEPTH       0

DEGREE DAYS
 HEATING
  TODAY            6                        16    -10        0
  MONTH TO DATE  264                       263      1      200
  SINCE MAR 1   1262                      1106    156     1239
  SINCE JUL 1   5907                      5544    363     5918

 COOLING
  TODAY            0                         0      0        1
  MONTH TO DATE    0                         0      0        1
  SINCE MAR 1      0                         0      0        1
  SINCE JAN 1      0                         0      0        1
..................................................................


WIND (MPH)
  HIGHEST WIND SPEED    22   HIGHEST WIND DIRECTION    NW (320)
  HIGHEST GUST SPEED    29   HIGHEST GUST DIRECTION    NW (330)
  AVERAGE WIND SPEED     8.9


SKY COVER
  POSSIBLE SUNSHINE  MM
  AVERAGE SKY COVER 0.7


WEATHER CONDITIONS
 THE FOLLOWING WEATHER WAS RECORDED TODAY.
  LIGHT RAIN


RELATIVE HUMIDITY (PERCENT)
 HIGHEST    72          1200 AM
 LOWEST     19           100 PM
 AVERAGE    46

..........................................................


THE HARTFORD CT CLIMATE NORMALS FOR TOMORROW
                         NORMAL    RECORD    YEAR
 MAXIMUM TEMPERATURE (F)   60        88      1941
 MINIMUM TEMPERATURE (F)   38        24      1957


SUNRISE AND SUNSET
APRIL 14 2015.........SUNRISE   612 AM EDT   SUNSET   730 PM EDT
APRIL 15 2015.........SUNRISE   611 AM EDT   SUNSET   731 PM EDT


-  INDICATES NEGATIVE NUMBERS.
R  INDICATES RECORD WAS SET OR TIED.
MM INDICATES DATA IS MISSING.
T  INDICATES TRACE AMOUNT.




$$
