000
CDUS41 KBOX 080529
CLIBDL


CLIMATE REPORT
NATIONAL WEATHER SERVICE TAUNTON MA
129 AM EDT WED APR 8 2015


...................................

...THE HARTFORD CT CLIMATE SUMMARY FOR APRIL 7 2015...

CLIMATE NORMAL PERIOD 1981 TO 2010
CLIMATE RECORD PERIOD 1904 TO 2015


WEATHER ITEM   OBSERVED TIME   RECORD YEAR NORMAL DEPARTURE LAST
                VALUE   (LST)  VALUE       VALUE  FROM      YEAR
                                                  NORMAL
..................................................................
TEMPERATURE (F)
 YESTERDAY
  MAXIMUM         49   1121 AM  93    2010  57     -8       58
  MINIMUM         41   1159 PM  14    1982  36      5       31
  AVERAGE         45                        46     -1       45

PRECIPITATION (IN)
  YESTERDAY        0.16          1.70 1924   0.12   0.04     0.14
  MONTH TO DATE    0.70                      0.87  -0.17     0.35
  SINCE MAR 1      3.36                      4.49  -1.13     5.07
  SINCE JAN 1      9.54                     10.61  -1.07    12.44

SNOWFALL (IN)
  YESTERDAY        0.0           2.6  1938   0.1   -0.1      0.0
  MONTH TO DATE    0.0                       0.6   -0.6      0.0
  SINCE MAR 1      9.0                       7.0    2.0      0.8
  SINCE JUL 1     63.8                      39.7   24.1     50.9
  SNOW DEPTH       0

DEGREE DAYS
 HEATING
  YESTERDAY       20                        19      1       20
  MONTH TO DATE  142                       141      1      133
  SINCE MAR 1   1140                       984    156     1172
  SINCE JUL 1   5785                      5422    363     5851

 COOLING
  YESTERDAY        0                         0      0        0
  MONTH TO DATE    0                         0      0        0
  SINCE MAR 1      0                         0      0        0
  SINCE JAN 1      0                         0      0        0
..................................................................


WIND (MPH)
  RESULTANT WIND SPEED   8   RESULTANT WIND DIRECTION   N (10)
  HIGHEST WIND SPEED    15   HIGHEST WIND DIRECTION     N (10)
  HIGHEST GUST SPEED    17   HIGHEST GUST DIRECTION     N (20)
  AVERAGE WIND SPEED     8.1


SKY COVER
  POSSIBLE SUNSHINE  MM
  AVERAGE SKY COVER 1.0


WEATHER CONDITIONS
 THE FOLLOWING WEATHER WAS RECORDED YESTERDAY.
  LIGHT RAIN
  FOG


RELATIVE HUMIDITY (PERCENT)
 HIGHEST    86          1100 PM
 LOWEST     60           300 AM
 AVERAGE    73

..........................................................


THE HARTFORD CT CLIMATE NORMALS FOR TODAY
                         NORMAL    RECORD    YEAR
 MAXIMUM TEMPERATURE (F)   57        89      1991
 MINIMUM TEMPERATURE (F)   36        20      1982


SUNRISE AND SUNSET
APRIL  8 2015.........SUNRISE   622 AM EDT   SUNSET   724 PM EDT
APRIL  9 2015.........SUNRISE   621 AM EDT   SUNSET   725 PM EDT


-  INDICATES NEGATIVE NUMBERS.
R  INDICATES RECORD WAS SET OR TIED.
MM INDICATES DATA IS MISSING.
T  INDICATES TRACE AMOUNT.




$$
