000
CDUS41 KBOX 212143
CLIBDL


CLIMATE REPORT
NATIONAL WEATHER SERVICE TAUNTON MA
543 PM EDT TUE APR 21 2015


...................................

...THE HARTFORD CT CLIMATE SUMMARY FOR APRIL 21 2015...
VALID AS OF 0500 PM LOCAL TIME.

CLIMATE NORMAL PERIOD 1981 TO 2010
CLIMATE RECORD PERIOD 1904 TO 2015


WEATHER ITEM   OBSERVED TIME   RECORD YEAR NORMAL DEPARTURE LAST
                VALUE   (LST)  VALUE       VALUE  FROM      YEAR
                                                  NORMAL
..................................................................
TEMPERATURE (F)
 TODAY
  MAXIMUM         66    332 PM  87    1923  63      3       71
  MINIMUM         50    530 AM  27    1961  40     10       30
  AVERAGE         58                        52      6       51

PRECIPITATION (IN)
  TODAY            0.38          2.08 1991   0.12   0.26     0.00
  MONTH TO DATE    3.33                      2.60   0.73     2.44
  SINCE MAR 1      5.99                      6.22  -0.23     7.16
  SINCE JAN 1     12.17                     12.34  -0.17    14.53

SNOWFALL (IN)
  TODAY            0.0           0.6  1947   0.0    0.0      0.0
  MONTH TO DATE    0.0                       1.3   -1.3      0.2
  SINCE MAR 1      9.0                       7.7    1.3      1.0
  SINCE JUL 1     63.8                      40.4   23.4     51.1
  SNOW DEPTH       0

DEGREE DAYS
 HEATING
  TODAY            7                        14     -7       14
  MONTH TO DATE  333                       366    -33      343
  SINCE MAR 1   1331                      1209    122     1382
  SINCE JUL 1   5976                      5647    329     6061

 COOLING
  TODAY            0                         0      0        0
  MONTH TO DATE    0                         0      0        1
  SINCE MAR 1      0                         0      0        1
  SINCE JAN 1      0                         0      0        1
..................................................................


WIND (MPH)
  HIGHEST WIND SPEED    21   HIGHEST WIND DIRECTION     W (260)
  HIGHEST GUST SPEED    23   HIGHEST GUST DIRECTION     W (260)
  AVERAGE WIND SPEED     6.6


SKY COVER
  POSSIBLE SUNSHINE  MM
  AVERAGE SKY COVER 0.9


WEATHER CONDITIONS
 THE FOLLOWING WEATHER WAS RECORDED TODAY.
  THUNDERSTORM
  RAIN
  LIGHT RAIN
  FOG


RELATIVE HUMIDITY (PERCENT)
 HIGHEST    93          1200 AM
 LOWEST     39           400 PM
 AVERAGE    66

..........................................................


THE HARTFORD CT CLIMATE NORMALS FOR TOMORROW
                         NORMAL    RECORD    YEAR
 MAXIMUM TEMPERATURE (F)   63        90      1977
                                             1973
 MINIMUM TEMPERATURE (F)   41        28      2011
                                             1984
                                             1947


SUNRISE AND SUNSET
APRIL 21 2015.........SUNRISE   602 AM EDT   SUNSET   738 PM EDT
APRIL 22 2015.........SUNRISE   600 AM EDT   SUNSET   739 PM EDT


-  INDICATES NEGATIVE NUMBERS.
R  INDICATES RECORD WAS SET OR TIED.
MM INDICATES DATA IS MISSING.
T  INDICATES TRACE AMOUNT.




$$
