000
CDUS41 KBOX 290618
CLIBDL


CLIMATE REPORT
NATIONAL WEATHER SERVICE TAUNTON MA
214 AM EDT WED APR 29 2015


...................................

...THE HARTFORD CT CLIMATE SUMMARY FOR APRIL 28 2015...

CLIMATE NORMAL PERIOD 1981 TO 2010
CLIMATE RECORD PERIOD 1904 TO 2015


WEATHER ITEM   OBSERVED TIME   RECORD YEAR NORMAL DEPARTURE LAST
                VALUE   (LST)  VALUE       VALUE  FROM      YEAR
                                                  NORMAL
..................................................................
TEMPERATURE (F)
 YESTERDAY
  MAXIMUM         67    255 PM  94    2009  66      1       66
                                      1990
  MINIMUM         45    430 AM  29    1972  43      2       38
  AVERAGE         56                        54      2       52

PRECIPITATION (IN)
  YESTERDAY        0.00          1.85 2008   0.13  -0.13     0.00
  MONTH TO DATE    3.40                      3.47  -0.07     3.50
  SINCE MAR 1      6.06                      7.09  -1.03     8.22
  SINCE JAN 1     12.24                     13.21  -0.97    15.59

SNOWFALL (IN)
  YESTERDAY        0.0           0.4  1987   0.0    0.0      0.0
  MONTH TO DATE    T                         1.4   -1.4      0.2
  SINCE MAR 1      9.0                       7.8    1.2      1.0
  SINCE JUL 1     63.8                      40.5   23.3     51.1
  SNOW DEPTH       0

DEGREE DAYS
 HEATING
  YESTERDAY        9                        11     -2       13
  MONTH TO DATE  443                       452     -9      438
  SINCE MAR 1   1441                      1295    146     1477
  SINCE JUL 1   6086                      5733    353     6156

 COOLING
  YESTERDAY        0                         0      0        0
  MONTH TO DATE    0                         0      0        1
  SINCE MAR 1      0                         0      0        1
  SINCE JAN 1      0                         0      0        1
..................................................................


WIND (MPH)
  RESULTANT WIND SPEED   9   RESULTANT WIND DIRECTION   N (350)
  HIGHEST WIND SPEED    25   HIGHEST WIND DIRECTION    NW (330)
  HIGHEST GUST SPEED    35   HIGHEST GUST DIRECTION    NW (330)
  AVERAGE WIND SPEED     9.6


SKY COVER
  POSSIBLE SUNSHINE  MM
  AVERAGE SKY COVER 0.4


WEATHER CONDITIONS
 THE FOLLOWING WEATHER WAS RECORDED YESTERDAY.
  NO SIGNIFICANT WEATHER WAS OBSERVED.


RELATIVE HUMIDITY (PERCENT)
 HIGHEST    66          1200 AM
 LOWEST     24           300 PM
 AVERAGE    45

..........................................................


THE HARTFORD CT CLIMATE NORMALS FOR TODAY
                         NORMAL    RECORD    YEAR
 MAXIMUM TEMPERATURE (F)   66        91      1974
 MINIMUM TEMPERATURE (F)   43        30      1949


SUNRISE AND SUNSET
APRIL 29 2015.........SUNRISE   550 AM EDT   SUNSET   747 PM EDT
APRIL 30 2015.........SUNRISE   549 AM EDT   SUNSET   748 PM EDT


-  INDICATES NEGATIVE NUMBERS.
R  INDICATES RECORD WAS SET OR TIED.
MM INDICATES DATA IS MISSING.
T  INDICATES TRACE AMOUNT.




$$
