000
CDUS41 KBOX 180540
CLIBDL


CLIMATE REPORT
NATIONAL WEATHER SERVICE TAUNTON MA
138 AM EDT SAT APR 18 2015


...................................

...THE HARTFORD CT CLIMATE SUMMARY FOR APRIL 17 2015...

CLIMATE NORMAL PERIOD 1981 TO 2010
CLIMATE RECORD PERIOD 1904 TO 2015


WEATHER ITEM   OBSERVED TIME   RECORD YEAR NORMAL DEPARTURE LAST
                VALUE   (LST)  VALUE       VALUE  FROM      YEAR
                                                  NORMAL
..................................................................
TEMPERATURE (F)
 YESTERDAY
  MAXIMUM         68    414 PM  95    2002  61      7       52
  MINIMUM         48    455 AM  25    1908  39      9       26
  AVERAGE         58                        50      8       39

PRECIPITATION (IN)
  YESTERDAY        0.10          1.74 1954   0.12  -0.02     0.00
  MONTH TO DATE    1.80                      2.14  -0.34     2.44
  SINCE MAR 1      4.46                      5.76  -1.30     7.16
  SINCE JAN 1     10.64                     11.88  -1.24    14.53

SNOWFALL (IN)
  YESTERDAY       MM             0.7  1935   0.1   MM        0.0
  MONTH TO DATE    0.0                       1.2   -1.2      0.2
  SINCE MAR 1      9.0                       7.6    1.4      1.0
  SINCE JUL 1     63.8                      40.3   23.5     51.1
  SNOW DEPTH       0

DEGREE DAYS
 HEATING
  YESTERDAY        7                        15     -8       26
  MONTH TO DATE  294                       309    -15      270
  SINCE MAR 1   1292                      1152    140     1309
  SINCE JUL 1   5937                      5590    347     5988

 COOLING
  YESTERDAY        0                         0      0        0
  MONTH TO DATE    0                         0      0        1
  SINCE MAR 1      0                         0      0        1
  SINCE JAN 1      0                         0      0        1
..................................................................


WIND (MPH)
  RESULTANT WIND SPEED   5   RESULTANT WIND DIRECTION  SW (240)
  HIGHEST WIND SPEED    16   HIGHEST WIND DIRECTION    SW (230)
  HIGHEST GUST SPEED    22   HIGHEST GUST DIRECTION    SW (240)
  AVERAGE WIND SPEED     8.0


SKY COVER
  POSSIBLE SUNSHINE  MM
  AVERAGE SKY COVER 0.8


WEATHER CONDITIONS
 THE FOLLOWING WEATHER WAS RECORDED YESTERDAY.
  LIGHT RAIN
  FOG


RELATIVE HUMIDITY (PERCENT)
 HIGHEST    89           700 AM
 LOWEST     50          1200 AM
 AVERAGE    70

..........................................................


THE HARTFORD CT CLIMATE NORMALS FOR TODAY
                         NORMAL    RECORD    YEAR
 MAXIMUM TEMPERATURE (F)   62        95      1976
 MINIMUM TEMPERATURE (F)   39        24      1962


SUNRISE AND SUNSET
APRIL 18 2015.........SUNRISE   606 AM EDT   SUNSET   735 PM EDT
APRIL 19 2015.........SUNRISE   605 AM EDT   SUNSET   736 PM EDT


-  INDICATES NEGATIVE NUMBERS.
R  INDICATES RECORD WAS SET OR TIED.
MM INDICATES DATA IS MISSING.
T  INDICATES TRACE AMOUNT.




$$
