000
CDUS41 KBOX 200545
CLIBDL


CLIMATE REPORT
NATIONAL WEATHER SERVICE TAUNTON MA
135 AM EDT MON APR 20 2015


...................................

...THE HARTFORD CT CLIMATE SUMMARY FOR APRIL 19 2015...

CLIMATE NORMAL PERIOD 1981 TO 2010
CLIMATE RECORD PERIOD 1904 TO 2015


WEATHER ITEM   OBSERVED TIME   RECORD YEAR NORMAL DEPARTURE LAST
                VALUE   (LST)  VALUE       VALUE  FROM      YEAR
                                                  NORMAL
..................................................................
TEMPERATURE (F)
 YESTERDAY
  MAXIMUM         64    419 PM  96    1976  62      2       65
  MINIMUM         43    453 AM  26    1926  40      3       34
  AVERAGE         54                        51      3       50

PRECIPITATION (IN)
  YESTERDAY        0.00          2.23 1983   0.12  -0.12     0.00
  MONTH TO DATE    1.80                      2.37  -0.57     2.44
  SINCE MAR 1      4.46                      5.99  -1.53     7.16
  SINCE JAN 1     10.64                     12.11  -1.47    14.53

SNOWFALL (IN)
  YESTERDAY        0.0           0.8  1983   0.1   -0.1      0.0
  MONTH TO DATE    0.0                       1.3   -1.3      0.2
  SINCE MAR 1      9.0                       7.7    1.3      1.0
  SINCE JUL 1     63.8                      40.4   23.4     51.1
  SNOW DEPTH       0

DEGREE DAYS
 HEATING
  YESTERDAY       11                        14     -3       15
  MONTH TO DATE  308                       338    -30      312
  SINCE MAR 1   1306                      1181    125     1351
  SINCE JUL 1   5951                      5619    332     6030

 COOLING
  YESTERDAY        0                         0      0        0
  MONTH TO DATE    0                         0      0        1
  SINCE MAR 1      0                         0      0        1
  SINCE JAN 1      0                         0      0        1
..................................................................


WIND (MPH)
  RESULTANT WIND SPEED   3   RESULTANT WIND DIRECTION   E (100)
  HIGHEST WIND SPEED    20   HIGHEST WIND DIRECTION     S (160)
  HIGHEST GUST SPEED    24   HIGHEST GUST DIRECTION     S (170)
  AVERAGE WIND SPEED     8.7


SKY COVER
  POSSIBLE SUNSHINE  MM
  AVERAGE SKY COVER 0.5


WEATHER CONDITIONS
 THE FOLLOWING WEATHER WAS RECORDED YESTERDAY.
  NO SIGNIFICANT WEATHER WAS OBSERVED.


RELATIVE HUMIDITY (PERCENT)
 HIGHEST    65          1100 PM
 LOWEST     20           300 PM
 AVERAGE    43

..........................................................


THE HARTFORD CT CLIMATE NORMALS FOR TODAY
                         NORMAL    RECORD    YEAR
 MAXIMUM TEMPERATURE (F)   63        89      1976
 MINIMUM TEMPERATURE (F)   40        25      1926


SUNRISE AND SUNSET
APRIL 20 2015.........SUNRISE   603 AM EDT   SUNSET   737 PM EDT
APRIL 21 2015.........SUNRISE   602 AM EDT   SUNSET   738 PM EDT


-  INDICATES NEGATIVE NUMBERS.
R  INDICATES RECORD WAS SET OR TIED.
MM INDICATES DATA IS MISSING.
T  INDICATES TRACE AMOUNT.




$$
