000
CDUS41 KBOX 110543
CLIBDL


CLIMATE REPORT
NATIONAL WEATHER SERVICE TAUNTON MA
142 AM EDT SAT APR 11 2015


...................................

...THE HARTFORD CT CLIMATE SUMMARY FOR APRIL 10 2015...

CLIMATE NORMAL PERIOD 1981 TO 2010
CLIMATE RECORD PERIOD 1904 TO 2015


WEATHER ITEM   OBSERVED TIME   RECORD YEAR NORMAL DEPARTURE LAST
                VALUE   (LST)  VALUE       VALUE  FROM      YEAR
                                                  NORMAL
..................................................................
TEMPERATURE (F)
 YESTERDAY
  MAXIMUM         52   1019 PM  84    1922  58     -6       61
  MINIMUM         37    532 AM  21    1985  37      0       29
  AVERAGE         45                        47     -2       45

PRECIPITATION (IN)
  YESTERDAY        0.29          2.47 1983   0.13   0.16      T
  MONTH TO DATE    1.66                      1.26   0.40     0.80
  SINCE MAR 1      4.32                      4.88  -0.56     5.52
  SINCE JAN 1     10.50                     11.00  -0.50    12.89

SNOWFALL (IN)
  YESTERDAY        0.0           6.0  1996   0.1   -0.1      0.0
  MONTH TO DATE    0.0                       0.8   -0.8      0.0
  SINCE MAR 1      9.0                       7.2    1.8      0.8
  SINCE JUL 1     63.8                      39.9   23.9     50.9
  SNOW DEPTH       0

DEGREE DAYS
 HEATING
  YESTERDAY       20                        18      2       20
  MONTH TO DATE  216                       196     20      178
  SINCE MAR 1   1214                      1039    175     1217
  SINCE JUL 1   5859                      5477    382     5896

 COOLING
  YESTERDAY        0                         0      0        0
  MONTH TO DATE    0                         0      0        0
  SINCE MAR 1      0                         0      0        0
  SINCE JAN 1      0                         0      0        0
..................................................................


WIND (MPH)
  RESULTANT WIND SPEED   5   RESULTANT WIND DIRECTION   S (190)
  HIGHEST WIND SPEED    14   HIGHEST WIND DIRECTION     S (200)
  HIGHEST GUST SPEED    18   HIGHEST GUST DIRECTION     S (190)
  AVERAGE WIND SPEED     5.7


SKY COVER
  POSSIBLE SUNSHINE  MM
  AVERAGE SKY COVER 0.8


WEATHER CONDITIONS
 THE FOLLOWING WEATHER WAS RECORDED YESTERDAY.
  RAIN
  LIGHT RAIN
  FOG


RELATIVE HUMIDITY (PERCENT)
 HIGHEST    93           100 PM
 LOWEST     86           900 AM
 AVERAGE    90

..........................................................


THE HARTFORD CT CLIMATE NORMALS FOR TODAY
                         NORMAL    RECORD    YEAR
 MAXIMUM TEMPERATURE (F)   59        79      1955
 MINIMUM TEMPERATURE (F)   37        23      1960
                                             1909


SUNRISE AND SUNSET
APRIL 11 2015.........SUNRISE   617 AM EDT   SUNSET   727 PM EDT
APRIL 12 2015.........SUNRISE   616 AM EDT   SUNSET   728 PM EDT


-  INDICATES NEGATIVE NUMBERS.
R  INDICATES RECORD WAS SET OR TIED.
MM INDICATES DATA IS MISSING.
T  INDICATES TRACE AMOUNT.




$$
