000
CDUS41 KBOX 092141
CLIBDL


CLIMATE REPORT
NATIONAL WEATHER SERVICE TAUNTON MA
537 PM EDT THU APR 9 2015


...................................

...THE HARTFORD CT CLIMATE SUMMARY FOR APRIL 9 2015...
VALID AS OF 0500 PM LOCAL TIME.

CLIMATE NORMAL PERIOD 1981 TO 2010
CLIMATE RECORD PERIOD 1904 TO 2015


WEATHER ITEM   OBSERVED TIME   RECORD YEAR NORMAL DEPARTURE LAST
                VALUE   (LST)  VALUE       VALUE  FROM      YEAR
                                                  NORMAL
..................................................................
TEMPERATURE (F)
 TODAY
  MAXIMUM         40    355 PM  85    1991  58    -18       59
  MINIMUM         34    718 AM  23    1977  36     -2       38
  AVERAGE         37                        47    -10       49

PRECIPITATION (IN)
  TODAY            0.04          1.80 1980   0.13  -0.09     0.00
  MONTH TO DATE    1.37                      1.13   0.24     0.80
  SINCE MAR 1      4.03                      4.75  -0.72     5.52
  SINCE JAN 1     10.21                     10.87  -0.66    12.89

SNOWFALL (IN)
  TODAY            0.0           6.0  1907   0.1   -0.1      0.0
  MONTH TO DATE    0.0                       0.7   -0.7      0.0
  SINCE MAR 1      9.0                       7.1    1.9      0.8
  SINCE JUL 1     63.8                      39.8   24.0     50.9
  SNOW DEPTH       0

DEGREE DAYS
 HEATING
  TODAY           28                        18     10       16
  MONTH TO DATE  196                       178     18      158
  SINCE MAR 1   1194                      1021    173     1197
  SINCE JUL 1   5839                      5459    380     5876

 COOLING
  TODAY            0                         0      0        0
  MONTH TO DATE    0                         0      0        0
  SINCE MAR 1      0                         0      0        0
  SINCE JAN 1      0                         0      0        0
..................................................................


WIND (MPH)
  HIGHEST WIND SPEED    16   HIGHEST WIND DIRECTION     N (10)
  HIGHEST GUST SPEED    20   HIGHEST GUST DIRECTION     N (20)
  AVERAGE WIND SPEED    10.9


SKY COVER
  POSSIBLE SUNSHINE  MM
  AVERAGE SKY COVER 1.0


WEATHER CONDITIONS
 THE FOLLOWING WEATHER WAS RECORDED TODAY.
  LIGHT RAIN
  FOG


RELATIVE HUMIDITY (PERCENT)
 HIGHEST    89          1200 AM
 LOWEST     79           100 PM
 AVERAGE    84

..........................................................


THE HARTFORD CT CLIMATE NORMALS FOR TOMORROW
                         NORMAL    RECORD    YEAR
 MAXIMUM TEMPERATURE (F)   58        84      1922
 MINIMUM TEMPERATURE (F)   37        21      1985


SUNRISE AND SUNSET
APRIL  9 2015.........SUNRISE   621 AM EDT   SUNSET   725 PM EDT
APRIL 10 2015.........SUNRISE   619 AM EDT   SUNSET   726 PM EDT


-  INDICATES NEGATIVE NUMBERS.
R  INDICATES RECORD WAS SET OR TIED.
MM INDICATES DATA IS MISSING.
T  INDICATES TRACE AMOUNT.




$$
