000
CDUS41 KOKX 250626
CLIBDR


CLIMATE REPORT
NATIONAL WEATHER SERVICE NEW YORK NY
225 AM EDT SAT APR 25 2015


...................................

...THE BRIDGEPORT CT CLIMATE SUMMARY FOR APRIL 24 2015...

CLIMATE NORMAL PERIOD 1981 TO 2010
CLIMATE RECORD PERIOD 1948 TO 2015


WEATHER ITEM   OBSERVED TIME   RECORD YEAR NORMAL DEPARTURE LAST
                VALUE   (LST)  VALUE       VALUE  FROM      YEAR
                                                  NORMAL
..................................................................
TEMPERATURE (F)
 YESTERDAY
  MAXIMUM         48    132 PM  78    2001  61    -13       62
  MINIMUM         36   1159 PM  34    1989  44     -8       43
                                      1967
  AVERAGE         42                        52    -10       53

PRECIPITATION (IN)
  YESTERDAY        0.00          1.88 1983   0.13  -0.13     0.00
  MONTH TO DATE    2.09                      3.35  -1.26     2.27
  SINCE MAR 1      6.81                      7.40  -0.59     7.49
  SINCE JAN 1     13.15                     13.29  -0.14    14.47

SNOWFALL (IN)
  YESTERDAY        0.0           T    2012   0.0    0.0      0.0
  MONTH TO DATE    T                         0.9   -0.9      0.1
  SINCE OCT 1     59.7                      27.6   32.1     57.4
  SINCE JUL 1     59.7                      27.6   32.1     57.4
  SNOW DEPTH       0

DEGREE DAYS
 HEATING
  YESTERDAY       23                        13     10       12
  MONTH TO DATE  391                       401    -10      404
  SINCE MAR 1   1348                      1198    150     1338
  SINCE JUL 1   5454                      5085    369     5386

 COOLING
  YESTERDAY        0                         0      0        0
  MONTH TO DATE    0                         0      0        0
  SINCE MAR 1      0                         0      0        0
  SINCE JAN 1      0                         0      0        0
..................................................................


WIND (MPH)
  HIGHEST WIND SPEED    23   HIGHEST WIND DIRECTION     N (340)
  HIGHEST GUST SPEED    31   HIGHEST GUST DIRECTION     W (290)
  AVERAGE WIND SPEED    13.8


SKY COVER
  AVERAGE SKY COVER 0.7


WEATHER CONDITIONS
 THE FOLLOWING WEATHER WAS RECORDED YESTERDAY.
  NO SIGNIFICANT WEATHER WAS OBSERVED.


RELATIVE HUMIDITY (PERCENT)
 HIGHEST    50           600 AM
 LOWEST     34           100 PM
 AVERAGE    42

..........................................................


THE BRIDGEPORT CT CLIMATE NORMALS FOR TODAY
                         NORMAL    RECORD    YEAR
 MAXIMUM TEMPERATURE (F)   61        85      1960
 MINIMUM TEMPERATURE (F)   44        32      1956


SUNRISE AND SUNSET
APRIL 25 2015.........SUNRISE   559 AM EDT   SUNSET   743 PM EDT
APRIL 26 2015.........SUNRISE   557 AM EDT   SUNSET   744 PM EDT


-  INDICATES NEGATIVE NUMBERS.
R  INDICATES RECORD WAS SET OR TIED.
MM INDICATES DATA IS MISSING.
T  INDICATES TRACE AMOUNT.




$$
