000
CDUS41 KOKX 010619
CLIBDR


CLIMATE REPORT
NATIONAL WEATHER SERVICE NEW YORK NY
218 AM EDT FRI MAY 1 2015


...................................

...THE BRIDGEPORT CT CLIMATE SUMMARY FOR APRIL 30 2015...

CLIMATE NORMAL PERIOD 1981 TO 2010
CLIMATE RECORD PERIOD 1948 TO 2015


WEATHER ITEM   OBSERVED TIME   RECORD YEAR NORMAL DEPARTURE LAST
                VALUE   (LST)  VALUE       VALUE  FROM      YEAR
                                                  NORMAL
..................................................................
TEMPERATURE (F)
 YESTERDAY
  MAXIMUM         60    131 PM  79    2007  63     -3       48
  MINIMUM         46    520 AM  38    2008  46      0       43
                                      1992
  AVERAGE         53                        54     -1       46

PRECIPITATION (IN)
  YESTERDAY        0.00          2.50 2014   0.12  -0.12     2.50
  MONTH TO DATE    2.09                      4.13  -2.04     5.46
  SINCE MAR 1      6.81                      8.18  -1.37    10.68
  SINCE JAN 1     13.15                     14.07  -0.92    17.66

SNOWFALL (IN)
  YESTERDAY        0.0           0.0  2002   0.0    0.0      0.0
                                      2001
  MONTH TO DATE    T                         0.9   -0.9      0.1
  SINCE OCT 1     59.7                      27.6   32.1     57.4
  SINCE JUL 1     59.7                      27.6   32.1     57.4
  SNOW DEPTH       0

DEGREE DAYS
 HEATING
  YESTERDAY       12                        11      1       19
  MONTH TO DATE  454                       472    -18      498
  SINCE MAR 1   1411                      1268    143     1432
  SINCE JUL 1   5517                      5155    362     5480

 COOLING
  YESTERDAY        0                         0      0        0
  MONTH TO DATE    0                         2     -2        0
  SINCE MAR 1      0                         2     -2        0
  SINCE JAN 1      0                         2     -2        0
..................................................................


WIND (MPH)
  HIGHEST WIND SPEED    17   HIGHEST WIND DIRECTION     E (110)
  HIGHEST GUST SPEED    22   HIGHEST GUST DIRECTION     E (100)
  AVERAGE WIND SPEED     9.4


SKY COVER
  AVERAGE SKY COVER 0.2


WEATHER CONDITIONS
 THE FOLLOWING WEATHER WAS RECORDED YESTERDAY.
  NO SIGNIFICANT WEATHER WAS OBSERVED.


RELATIVE HUMIDITY (PERCENT)
 HIGHEST    80           900 PM
 LOWEST     51          1200 PM
 AVERAGE    66

..........................................................


THE BRIDGEPORT CT CLIMATE NORMALS FOR TODAY
                         NORMAL    RECORD    YEAR
 MAXIMUM TEMPERATURE (F)   63        83      1957
 MINIMUM TEMPERATURE (F)   46        36      2008


SUNRISE AND SUNSET
MAY  1 2015...........SUNRISE   551 AM EDT   SUNSET   749 PM EDT
MAY  2 2015...........SUNRISE   549 AM EDT   SUNSET   750 PM EDT


-  INDICATES NEGATIVE NUMBERS.
R  INDICATES RECORD WAS SET OR TIED.
MM INDICATES DATA IS MISSING.
T  INDICATES TRACE AMOUNT.




$$
