000
CDUS41 KOKX 160641
CLIBDR


CLIMATE REPORT
NATIONAL WEATHER SERVICE NEW YORK NY
241 AM EDT THU APR 16 2015


...................................

...THE BRIDGEPORT CT CLIMATE SUMMARY FOR APRIL 15 2015...

CLIMATE NORMAL PERIOD 1981 TO 2010
CLIMATE RECORD PERIOD 1948 TO 2015


WEATHER ITEM   OBSERVED TIME   RECORD YEAR NORMAL DEPARTURE LAST
                VALUE   (LST)  VALUE       VALUE  FROM      YEAR
                                                  NORMAL
..................................................................
TEMPERATURE (F)
 YESTERDAY
  MAXIMUM         71    201 PM  81    1960  58     13       59
  MINIMUM         48   1202 AM  30    1973  41      7       35
                                      1957
  AVERAGE         60                        49     11       47

PRECIPITATION (IN)
  YESTERDAY        0.00          3.02 2007   0.14  -0.14     1.28
  MONTH TO DATE    0.40                      2.15  -1.75     2.17
  SINCE MAR 1      5.12                      6.20  -1.08     7.39
  SINCE JAN 1     11.46                     12.09  -0.63    14.37

SNOWFALL (IN)
  YESTERDAY        0.0           T    2014   0.0    0.0       T
  MONTH TO DATE    0.0                       0.7   -0.7       T
  SINCE OCT 1     59.7                      27.4   32.3     57.3
  SINCE JUL 1     59.7                      27.4   32.3     57.3
  SNOW DEPTH       0

DEGREE DAYS
 HEATING
  YESTERDAY        5                        16    -11       18
  MONTH TO DATE  272                       274     -2      247
  SINCE MAR 1   1229                      1071    158     1181
  SINCE JUL 1   5335                      4958    377     5229

 COOLING
  YESTERDAY        0                         0      0        0
  MONTH TO DATE    0                         0      0        0
  SINCE MAR 1      0                         0      0        0
  SINCE JAN 1      0                         0      0        0
..................................................................


WIND (MPH)
  HIGHEST WIND SPEED    25   HIGHEST WIND DIRECTION     N (340)
  HIGHEST GUST SPEED    32   HIGHEST GUST DIRECTION     N (350)
  AVERAGE WIND SPEED    11.8


SKY COVER
  AVERAGE SKY COVER 0.0


WEATHER CONDITIONS
 THE FOLLOWING WEATHER WAS RECORDED YESTERDAY.
  NO SIGNIFICANT WEATHER WAS OBSERVED.


RELATIVE HUMIDITY (PERCENT)
 HIGHEST    71          1200 AM
 LOWEST     12           300 PM
 AVERAGE    42

..........................................................


THE BRIDGEPORT CT CLIMATE NORMALS FOR TODAY
                         NORMAL    RECORD    YEAR
 MAXIMUM TEMPERATURE (F)   58        85      2002
 MINIMUM TEMPERATURE (F)   41        29      1981


SUNRISE AND SUNSET
APRIL 16 2015.........SUNRISE   612 AM EDT   SUNSET   733 PM EDT
APRIL 17 2015.........SUNRISE   611 AM EDT   SUNSET   734 PM EDT


-  INDICATES NEGATIVE NUMBERS.
R  INDICATES RECORD WAS SET OR TIED.
MM INDICATES DATA IS MISSING.
T  INDICATES TRACE AMOUNT.




$$
