000
CDUS41 KOKX 202059
CLIBDR


CLIMATE REPORT
NATIONAL WEATHER SERVICE NEW YORK NY
459 PM EDT MON APR 20 2015


...................................

...THE BRIDGEPORT CT CLIMATE SUMMARY FOR APRIL 20 2015...
VALID TODAY AS OF 0400 PM LOCAL TIME.

CLIMATE NORMAL PERIOD 1981 TO 2010
CLIMATE RECORD PERIOD 1948 TO 2015


WEATHER ITEM   OBSERVED TIME   RECORD YEAR NORMAL DEPARTURE LAST
                VALUE   (LST)  VALUE       VALUE  FROM      YEAR
                                                  NORMAL
..................................................................
TEMPERATURE (F)
 TODAY
  MAXIMUM         50    259 PM  84    1952  59     -9       53
  MINIMUM         44    602 AM  32    1988  43      1       42
                                      1956
  AVERAGE         47                        51     -4       48

PRECIPITATION (IN)
  TODAY            0.85          1.25 1972   0.13   0.72     0.00
  MONTH TO DATE    1.46                      2.82  -1.36     2.26
  SINCE MAR 1      6.18                      6.87  -0.69     7.48
  SINCE JAN 1     12.52                     12.76  -0.24    14.46

SNOWFALL (IN)
  TODAY            0.0           0.0  2002   0.0    0.0      0.0
                                      2001
                                      1964
  MONTH TO DATE    0.0                       0.8   -0.8      0.1
  SINCE OCT 1     59.7                      27.5   32.2     57.4
  SINCE JUL 1     59.7                      27.5   32.2     57.4
  SNOW DEPTH       0

DEGREE DAYS
 HEATING
  TODAY           18                        14      4       17
  MONTH TO DATE  331                       347    -16      354
  SINCE MAR 1   1288                      1144    144     1288
  SINCE JUL 1   5394                      5031    363     5336

 COOLING
  TODAY            0                         0      0        0
  MONTH TO DATE    0                         0      0        0
  SINCE MAR 1      0                         0      0        0
  SINCE JAN 1      0                         0      0        0
..................................................................


WIND (MPH)
  HIGHEST WIND SPEED    31   HIGHEST WIND DIRECTION     E (80)
  HIGHEST GUST SPEED    38   HIGHEST GUST DIRECTION     E (70)
  AVERAGE WIND SPEED    19.8


SKY COVER
  AVERAGE SKY COVER 0.9


WEATHER CONDITIONS
 THE FOLLOWING WEATHER WAS RECORDED TODAY.
  HEAVY RAIN
  RAIN
  LIGHT RAIN
  FOG


RELATIVE HUMIDITY (PERCENT)
 HIGHEST   100           100 PM
 LOWEST     83          1200 AM
 AVERAGE    92

..........................................................


THE BRIDGEPORT CT CLIMATE NORMALS FOR TOMORROW
                         NORMAL    RECORD    YEAR
 MAXIMUM TEMPERATURE (F)   60        85      1957
 MINIMUM TEMPERATURE (F)   43        29      1956


SUNRISE AND SUNSET
APRIL 20 2015.........SUNRISE   606 AM EDT   SUNSET   738 PM EDT
APRIL 21 2015.........SUNRISE   605 AM EDT   SUNSET   739 PM EDT


-  INDICATES NEGATIVE NUMBERS.
R  INDICATES RECORD WAS SET OR TIED.
MM INDICATES DATA IS MISSING.
T  INDICATES TRACE AMOUNT.




$$
