000
CDUS41 KOKX 200627
CLIBDR


CLIMATE REPORT
NATIONAL WEATHER SERVICE NEW YORK NY
227 AM EDT MON APR 20 2015


...................................

...THE BRIDGEPORT CT CLIMATE SUMMARY FOR APRIL 19 2015...

CLIMATE NORMAL PERIOD 1981 TO 2010
CLIMATE RECORD PERIOD 1948 TO 2015


WEATHER ITEM   OBSERVED TIME   RECORD YEAR NORMAL DEPARTURE LAST
                VALUE   (LST)  VALUE       VALUE  FROM      YEAR
                                                  NORMAL
..................................................................
TEMPERATURE (F)
 YESTERDAY
  MAXIMUM         61   1211 AM  82    1976  59      2       66
  MINIMUM         45   1159 PM  31    2001  42      3       38
                                      1990
  AVERAGE         53                        51      2       52

PRECIPITATION (IN)
  YESTERDAY        0.00          1.40 1978   0.13  -0.13     0.00
  MONTH TO DATE    0.61                      2.69  -2.08     2.26
  SINCE MAR 1      5.33                      6.74  -1.41     7.48
  SINCE JAN 1     11.67                     12.63  -0.96    14.46

SNOWFALL (IN)
  YESTERDAY        0.0           0.5  1983   0.0    0.0      0.0
  MONTH TO DATE    0.0                       0.8   -0.8      0.1
  SINCE OCT 1     59.7                      27.5   32.2     57.4
  SINCE JUL 1     59.7                      27.5   32.2     57.4
  SNOW DEPTH       0

DEGREE DAYS
 HEATING
  YESTERDAY       12                        14     -2       13
  MONTH TO DATE  313                       333    -20      337
  SINCE MAR 1   1270                      1130    140     1271
  SINCE JUL 1   5376                      5017    359     5319

 COOLING
  YESTERDAY        0                         0      0        0
  MONTH TO DATE    0                         0      0        0
  SINCE MAR 1      0                         0      0        0
  SINCE JAN 1      0                         0      0        0
..................................................................


WIND (MPH)
  HIGHEST WIND SPEED    15   HIGHEST WIND DIRECTION    SE (120)
  HIGHEST GUST SPEED    20   HIGHEST GUST DIRECTION    NE (30)
  AVERAGE WIND SPEED     9.7


SKY COVER
  AVERAGE SKY COVER 0.0


WEATHER CONDITIONS
 THE FOLLOWING WEATHER WAS RECORDED YESTERDAY.
  NO SIGNIFICANT WEATHER WAS OBSERVED.


RELATIVE HUMIDITY (PERCENT)
 HIGHEST    83          1100 PM
 LOWEST     24           100 AM
 AVERAGE    54

..........................................................


THE BRIDGEPORT CT CLIMATE NORMALS FOR TODAY
                         NORMAL    RECORD    YEAR
 MAXIMUM TEMPERATURE (F)   59        84      1952
 MINIMUM TEMPERATURE (F)   43        32      1988
                                             1956


SUNRISE AND SUNSET
APRIL 20 2015.........SUNRISE   606 AM EDT   SUNSET   738 PM EDT
APRIL 21 2015.........SUNRISE   605 AM EDT   SUNSET   739 PM EDT


-  INDICATES NEGATIVE NUMBERS.
R  INDICATES RECORD WAS SET OR TIED.
MM INDICATES DATA IS MISSING.
T  INDICATES TRACE AMOUNT.




$$
