000
CDUS41 KOKX 280618
CLIBDR


CLIMATE REPORT
NATIONAL WEATHER SERVICE NEW YORK NY
217 AM EDT TUE APR 28 2015


...................................

...THE BRIDGEPORT CT CLIMATE SUMMARY FOR APRIL 27 2015...

CLIMATE NORMAL PERIOD 1981 TO 2010
CLIMATE RECORD PERIOD 1948 TO 2015


WEATHER ITEM   OBSERVED TIME   RECORD YEAR NORMAL DEPARTURE LAST
                VALUE   (LST)  VALUE       VALUE  FROM      YEAR
                                                  NORMAL
..................................................................
TEMPERATURE (F)
 YESTERDAY
  MAXIMUM         63    227 PM  86    1990  62      1       59
  MINIMUM         50   1159 PM  33    2002  45      5       40
  AVERAGE         57                        53      4       50

PRECIPITATION (IN)
  YESTERDAY        T             1.85 1979   0.13  -0.13      T
  MONTH TO DATE    2.09                      3.75  -1.66     2.95
  SINCE MAR 1      6.81                      7.80  -0.99     8.17
  SINCE JAN 1     13.15                     13.69  -0.54    15.15

SNOWFALL (IN)
  YESTERDAY        0.0           0.0  2002   0.0    0.0      0.0
                                      2001
                                      1966
  MONTH TO DATE    T                         0.9   -0.9      0.1
  SINCE OCT 1     59.7                      27.6   32.1     57.4
  SINCE JUL 1     59.7                      27.6   32.1     57.4
  SNOW DEPTH       0

DEGREE DAYS
 HEATING
  YESTERDAY        8                        12     -4       15
  MONTH TO DATE  432                       438     -6      448
  SINCE MAR 1   1389                      1235    154     1382
  SINCE JUL 1   5495                      5122    373     5430

 COOLING
  YESTERDAY        0                         0      0        0
  MONTH TO DATE    0                         0      0        0
  SINCE MAR 1      0                         0      0        0
  SINCE JAN 1      0                         0      0        0
..................................................................


WIND (MPH)
  HIGHEST WIND SPEED    24   HIGHEST WIND DIRECTION     N (340)
  HIGHEST GUST SPEED    35   HIGHEST GUST DIRECTION     N (340)
  AVERAGE WIND SPEED    12.1


SKY COVER
  AVERAGE SKY COVER 0.9


WEATHER CONDITIONS
 THE FOLLOWING WEATHER WAS RECORDED YESTERDAY.
  LIGHT RAIN


RELATIVE HUMIDITY (PERCENT)
 HIGHEST    68          1100 PM
 LOWEST     32           200 PM
 AVERAGE    50

..........................................................


THE BRIDGEPORT CT CLIMATE NORMALS FOR TODAY
                         NORMAL    RECORD    YEAR
 MAXIMUM TEMPERATURE (F)   62        91      1990
 MINIMUM TEMPERATURE (F)   45        33      1972


SUNRISE AND SUNSET
APRIL 28 2015.........SUNRISE   555 AM EDT   SUNSET   746 PM EDT
APRIL 29 2015.........SUNRISE   553 AM EDT   SUNSET   747 PM EDT


-  INDICATES NEGATIVE NUMBERS.
R  INDICATES RECORD WAS SET OR TIED.
MM INDICATES DATA IS MISSING.
T  INDICATES TRACE AMOUNT.




$$
