000
CDUS41 KOKX 232035
CLIBDR


CLIMATE REPORT
NATIONAL WEATHER SERVICE NEW YORK NY
435 PM EDT MON MAR 23 2015


...................................

...THE BRIDGEPORT CT CLIMATE SUMMARY FOR MARCH 23 2015...
VALID TODAY AS OF 0400 PM LOCAL TIME.

CLIMATE NORMAL PERIOD 1981 TO 2010
CLIMATE RECORD PERIOD 1948 TO 2015


WEATHER ITEM   OBSERVED TIME   RECORD YEAR NORMAL DEPARTURE LAST
                VALUE   (LST)  VALUE       VALUE  FROM      YEAR
                                                  NORMAL
..................................................................
TEMPERATURE (F)
 TODAY
  MAXIMUM         38    259 PM  71    2012  49    -11       45
  MINIMUM         20    542 AM  19    2004  33    -13       25
                                      1959
  AVERAGE         29                        41    -12       35

PRECIPITATION (IN)
  TODAY            0.00          1.18 1950   0.14  -0.14     0.00
  MONTH TO DATE    3.96                      2.96   1.00     1.33
  SINCE MAR 1      3.96                      2.96   1.00     1.33
  SINCE JAN 1     10.30                      8.85   1.45     8.31

SNOWFALL (IN)
  TODAY            0.0           2.0  2005   0.1   -0.1      0.0
  MONTH TO DATE   17.3                       4.3   13.0      0.1
  SINCE OCT 1     58.4                      25.9   32.5     56.6
  SINCE JUL 1     58.4                      25.9   32.5     56.6
  SNOW DEPTH       T

DEGREE DAYS
 HEATING
  TODAY           36                        24     12       30
  MONTH TO DATE  742                       620    122      709
  SINCE MAR 1    742                       620    122      709
  SINCE JUL 1   4848                      4507    341     4757

 COOLING
  TODAY            0                         0      0        0
  MONTH TO DATE    0                         0      0        0
  SINCE MAR 1      0                         0      0        0
  SINCE JAN 1      0                         0      0        0
..................................................................


WIND (MPH)
  HIGHEST WIND SPEED    20   HIGHEST WIND DIRECTION    NW (320)
  HIGHEST GUST SPEED    27   HIGHEST GUST DIRECTION     N (340)
  AVERAGE WIND SPEED     8.3


SKY COVER
  AVERAGE SKY COVER 0.0


WEATHER CONDITIONS
 THE FOLLOWING WEATHER WAS RECORDED TODAY.
  NO SIGNIFICANT WEATHER WAS OBSERVED.


RELATIVE HUMIDITY (PERCENT)
 HIGHEST    52           400 AM
 LOWEST     20           300 PM
 AVERAGE    36

..........................................................


THE BRIDGEPORT CT CLIMATE NORMALS FOR TOMORROW
                         NORMAL    RECORD    YEAR
 MAXIMUM TEMPERATURE (F)   50        66      1988
 MINIMUM TEMPERATURE (F)   34        20      2014
                                             1956


SUNRISE AND SUNSET
MARCH 23 2015.........SUNRISE   651 AM EDT   SUNSET   708 PM EDT
MARCH 24 2015.........SUNRISE   650 AM EDT   SUNSET   709 PM EDT


-  INDICATES NEGATIVE NUMBERS.
R  INDICATES RECORD WAS SET OR TIED.
MM INDICATES DATA IS MISSING.
T  INDICATES TRACE AMOUNT.




$$
