000
CDUS41 KOKX 170623
CLIBDR


CLIMATE REPORT
NATIONAL WEATHER SERVICE NEW YORK NY
222 AM EDT FRI APR 17 2015


...................................

...THE BRIDGEPORT CT CLIMATE SUMMARY FOR APRIL 16 2015...

CLIMATE NORMAL PERIOD 1981 TO 2010
CLIMATE RECORD PERIOD 1948 TO 2015


WEATHER ITEM   OBSERVED TIME   RECORD YEAR NORMAL DEPARTURE LAST
                VALUE   (LST)  VALUE       VALUE  FROM      YEAR
                                                  NORMAL
..................................................................
TEMPERATURE (F)
 YESTERDAY
  MAXIMUM         57    112 PM  85    2002  58     -1       47
  MINIMUM         42    425 AM  29    1981  41      1       31
  AVERAGE         50                        50      0       39

PRECIPITATION (IN)
  YESTERDAY        0.00          5.28 1996   0.14  -0.14     0.09
  MONTH TO DATE    0.40                      2.29  -1.89     2.26
  SINCE MAR 1      5.12                      6.34  -1.22     7.48
  SINCE JAN 1     11.46                     12.23  -0.77    14.46

SNOWFALL (IN)
  YESTERDAY        0.0           0.1  2014   0.0    0.0      0.1
  MONTH TO DATE    0.0                       0.7   -0.7      0.1
  SINCE OCT 1     59.7                      27.4   32.3     57.4
  SINCE JUL 1     59.7                      27.4   32.3     57.4
  SNOW DEPTH       0

DEGREE DAYS
 HEATING
  YESTERDAY       15                        15      0       26
  MONTH TO DATE  287                       289     -2      273
  SINCE MAR 1   1244                      1086    158     1207
  SINCE JUL 1   5350                      4973    377     5255

 COOLING
  YESTERDAY        0                         0      0        0
  MONTH TO DATE    0                         0      0        0
  SINCE MAR 1      0                         0      0        0
  SINCE JAN 1      0                         0      0        0
..................................................................


WIND (MPH)
  HIGHEST WIND SPEED    12   HIGHEST WIND DIRECTION     E (100)
  HIGHEST GUST SPEED    15   HIGHEST GUST DIRECTION     E (100)
  AVERAGE WIND SPEED     6.3


SKY COVER
  AVERAGE SKY COVER 0.0


WEATHER CONDITIONS
 THE FOLLOWING WEATHER WAS RECORDED YESTERDAY.
  NO SIGNIFICANT WEATHER WAS OBSERVED.


RELATIVE HUMIDITY (PERCENT)
 HIGHEST    66          1100 PM
 LOWEST     22           900 AM
 AVERAGE    44

..........................................................


THE BRIDGEPORT CT CLIMATE NORMALS FOR TODAY
                         NORMAL    RECORD    YEAR
 MAXIMUM TEMPERATURE (F)   58        89      2002
 MINIMUM TEMPERATURE (F)   42        30      1962


SUNRISE AND SUNSET
APRIL 17 2015.........SUNRISE   611 AM EDT   SUNSET   734 PM EDT
APRIL 18 2015.........SUNRISE   609 AM EDT   SUNSET   735 PM EDT


-  INDICATES NEGATIVE NUMBERS.
R  INDICATES RECORD WAS SET OR TIED.
MM INDICATES DATA IS MISSING.
T  INDICATES TRACE AMOUNT.




$$
