000
CDUS41 KOKX 252037
CLIBDR


CLIMATE REPORT
NATIONAL WEATHER SERVICE NEW YORK NY
437 PM EDT SAT APR 25 2015


...................................

...THE BRIDGEPORT CT CLIMATE SUMMARY FOR APRIL 25 2015...
VALID TODAY AS OF 0400 PM LOCAL TIME.

CLIMATE NORMAL PERIOD 1981 TO 2010
CLIMATE RECORD PERIOD 1948 TO 2015


WEATHER ITEM   OBSERVED TIME   RECORD YEAR NORMAL DEPARTURE LAST
                VALUE   (LST)  VALUE       VALUE  FROM      YEAR
                                                  NORMAL
..................................................................
TEMPERATURE (F)
 TODAY
  MAXIMUM         57    249 PM  85    1960  61     -4       60
  MINIMUM         33    342 AM  32    1956  44    -11       42
  AVERAGE         45                        52     -7       51

PRECIPITATION (IN)
  TODAY            0.00          0.80 1961   0.13  -0.13      T
  MONTH TO DATE    2.09                      3.48  -1.39     2.27
  SINCE MAR 1      6.81                      7.53  -0.72     7.49
  SINCE JAN 1     13.15                     13.42  -0.27    14.47

SNOWFALL (IN)
  TODAY            0.0           T    2004   0.0    0.0      0.0
  MONTH TO DATE    T                         0.9   -0.9      0.1
  SINCE OCT 1     59.7                      27.6   32.1     57.4
  SINCE JUL 1     59.7                      27.6   32.1     57.4
  SNOW DEPTH       0

DEGREE DAYS
 HEATING
  TODAY           20                        13      7       14
  MONTH TO DATE  411                       414     -3      418
  SINCE MAR 1   1368                      1211    157     1352
  SINCE JUL 1   5474                      5098    376     5400

 COOLING
  TODAY            0                         0      0        0
  MONTH TO DATE    0                         0      0        0
  SINCE MAR 1      0                         0      0        0
  SINCE JAN 1      0                         0      0        0
..................................................................


WIND (MPH)
  HIGHEST WIND SPEED    20   HIGHEST WIND DIRECTION    SW (210)
  HIGHEST GUST SPEED    24   HIGHEST GUST DIRECTION    NW (300)
  AVERAGE WIND SPEED     9.3


SKY COVER
  AVERAGE SKY COVER 0.0


WEATHER CONDITIONS
 THE FOLLOWING WEATHER WAS RECORDED TODAY.
  NO SIGNIFICANT WEATHER WAS OBSERVED.


RELATIVE HUMIDITY (PERCENT)
 HIGHEST    64           200 AM
 LOWEST     32          1200 PM
 AVERAGE    48

..........................................................


THE BRIDGEPORT CT CLIMATE NORMALS FOR TOMORROW
                         NORMAL    RECORD    YEAR
 MAXIMUM TEMPERATURE (F)   61        83      2009
 MINIMUM TEMPERATURE (F)   44        33      1967


SUNRISE AND SUNSET
APRIL 25 2015.........SUNRISE   559 AM EDT   SUNSET   743 PM EDT
APRIL 26 2015.........SUNRISE   557 AM EDT   SUNSET   744 PM EDT


-  INDICATES NEGATIVE NUMBERS.
R  INDICATES RECORD WAS SET OR TIED.
MM INDICATES DATA IS MISSING.
T  INDICATES TRACE AMOUNT.




$$
