000
CDUS41 KOKX 070616
CLIBDR


CLIMATE REPORT
NATIONAL WEATHER SERVICE NEW YORK NY
216 AM EDT TUE APR 7 2015


...................................

...THE BRIDGEPORT CT CLIMATE SUMMARY FOR APRIL 6 2015...

CLIMATE NORMAL PERIOD 1981 TO 2010
CLIMATE RECORD PERIOD 1948 TO 2015


WEATHER ITEM   OBSERVED TIME   RECORD YEAR NORMAL DEPARTURE LAST
                VALUE   (LST)  VALUE       VALUE  FROM      YEAR
                                                  NORMAL
..................................................................
TEMPERATURE (F)
 YESTERDAY
  MAXIMUM         49   1211 PM  70    1991  54     -5       53
  MINIMUM         35    548 AM  19    1982  38     -3       33
  AVERAGE         42                        46     -4       43

PRECIPITATION (IN)
  YESTERDAY        0.00          2.00 1958   0.13  -0.13     0.00
  MONTH TO DATE    0.13                      0.84  -0.71     0.24
  SINCE MAR 1      4.85                      4.89  -0.04     5.46
  SINCE JAN 1     11.19                     10.78   0.41    12.44

SNOWFALL (IN)
  YESTERDAY        0.0           6.0  1982   0.0    0.0      0.0
  MONTH TO DATE    0.0                       0.3   -0.3      0.0
  SINCE OCT 1     59.7                      27.0   32.7     57.3
  SINCE JUL 1     59.7                      27.0   32.7     57.3
  SNOW DEPTH       0

DEGREE DAYS
 HEATING
  YESTERDAY       23                        19      4       22
  MONTH TO DATE  125                       119      6      126
  SINCE MAR 1   1082                       916    166     1060
  SINCE JUL 1   5188                      4803    385     5108

 COOLING
  YESTERDAY        0                         0      0        0
  MONTH TO DATE    0                         0      0        0
  SINCE MAR 1      0                         0      0        0
  SINCE JAN 1      0                         0      0        0
..................................................................


WIND (MPH)
  HIGHEST WIND SPEED    18   HIGHEST WIND DIRECTION     E (70)
  HIGHEST GUST SPEED    24   HIGHEST GUST DIRECTION     E (70)
  AVERAGE WIND SPEED     8.1


SKY COVER
  AVERAGE SKY COVER 0.0


WEATHER CONDITIONS
 THE FOLLOWING WEATHER WAS RECORDED YESTERDAY.
  FOG


RELATIVE HUMIDITY (PERCENT)
 HIGHEST    92           500 AM
 LOWEST     66          1200 PM
 AVERAGE    79

..........................................................


THE BRIDGEPORT CT CLIMATE NORMALS FOR TODAY
                         NORMAL    RECORD    YEAR
 MAXIMUM TEMPERATURE (F)   55        81      2010
 MINIMUM TEMPERATURE (F)   38        18      1982


SUNRISE AND SUNSET
APRIL  7 2015.........SUNRISE   626 AM EDT   SUNSET   724 PM EDT
APRIL  8 2015.........SUNRISE   625 AM EDT   SUNSET   725 PM EDT


-  INDICATES NEGATIVE NUMBERS.
R  INDICATES RECORD WAS SET OR TIED.
MM INDICATES DATA IS MISSING.
T  INDICATES TRACE AMOUNT.




$$
