000
CDUS41 KOKX 230617
CLIBDR


CLIMATE REPORT
NATIONAL WEATHER SERVICE NEW YORK NY
217 AM EDT THU APR 23 2015


...................................

...THE BRIDGEPORT CT CLIMATE SUMMARY FOR APRIL 22 2015...

CLIMATE NORMAL PERIOD 1981 TO 2010
CLIMATE RECORD PERIOD 1948 TO 2015


WEATHER ITEM   OBSERVED TIME   RECORD YEAR NORMAL DEPARTURE LAST
                VALUE   (LST)  VALUE       VALUE  FROM      YEAR
                                                  NORMAL
..................................................................
TEMPERATURE (F)
 YESTERDAY
  MAXIMUM         65    139 PM  82    1960  60      5       65
  MINIMUM         41    423 AM  29    1975  43     -2       44
  AVERAGE         53                        52      1       55

PRECIPITATION (IN)
  YESTERDAY        0.09          1.72 2012   0.13  -0.04     0.01
  MONTH TO DATE    2.09                      3.09  -1.00     2.27
  SINCE MAR 1      6.81                      7.14  -0.33     7.49
  SINCE JAN 1     13.15                     13.03   0.12    14.47

SNOWFALL (IN)
  YESTERDAY        0.0           0.0  2002   0.0    0.0      0.0
                                      2001
                                      1972
  MONTH TO DATE    0.0                       0.9   -0.9      0.1
  SINCE OCT 1     59.7                      27.6   32.1     57.4
  SINCE JUL 1     59.7                      27.6   32.1     57.4
  SNOW DEPTH       0

DEGREE DAYS
 HEATING
  YESTERDAY       12                        14     -2       10
  MONTH TO DATE  349                       375    -26      381
  SINCE MAR 1   1306                      1172    134     1315
  SINCE JUL 1   5412                      5059    353     5363

 COOLING
  YESTERDAY        0                         0      0        0
  MONTH TO DATE    0                         0      0        0
  SINCE MAR 1      0                         0      0        0
  SINCE JAN 1      0                         0      0        0
..................................................................


WIND (MPH)
  HIGHEST WIND SPEED    25   HIGHEST WIND DIRECTION     S (190)
  HIGHEST GUST SPEED    32   HIGHEST GUST DIRECTION     S (180)
  AVERAGE WIND SPEED     9.7


SKY COVER
  AVERAGE SKY COVER 0.2


WEATHER CONDITIONS
 THE FOLLOWING WEATHER WAS RECORDED YESTERDAY.
  LIGHT RAIN
  FOG


RELATIVE HUMIDITY (PERCENT)
 HIGHEST    89           500 PM
 LOWEST     34           100 PM
 AVERAGE    62

..........................................................


THE BRIDGEPORT CT CLIMATE NORMALS FOR TODAY
                         NORMAL    RECORD    YEAR
 MAXIMUM TEMPERATURE (F)   60        79      1952
 MINIMUM TEMPERATURE (F)   43        30      1982


SUNRISE AND SUNSET
APRIL 23 2015.........SUNRISE   602 AM EDT   SUNSET   741 PM EDT
APRIL 24 2015.........SUNRISE   600 AM EDT   SUNSET   742 PM EDT


-  INDICATES NEGATIVE NUMBERS.
R  INDICATES RECORD WAS SET OR TIED.
MM INDICATES DATA IS MISSING.
T  INDICATES TRACE AMOUNT.




$$
