000
CDUS41 KOKX 310623
CLIBDR


CLIMATE REPORT
NATIONAL WEATHER SERVICE NEW YORK NY
222 AM EDT TUE MAR 31 2015


...................................

...THE BRIDGEPORT CT CLIMATE SUMMARY FOR MARCH 30 2015...

CLIMATE NORMAL PERIOD 1981 TO 2010
CLIMATE RECORD PERIOD 1948 TO 2015


WEATHER ITEM   OBSERVED TIME   RECORD YEAR NORMAL DEPARTURE LAST
                VALUE   (LST)  VALUE       VALUE  FROM      YEAR
                                                  NORMAL
..................................................................
TEMPERATURE (F)
 YESTERDAY
  MAXIMUM         53    319 PM  68    2002  52      1       48
  MINIMUM         33    652 AM  16    1970  36     -3       41
  AVERAGE         43                        44     -1       45

PRECIPITATION (IN)
  YESTERDAY        0.01          2.03 2001   0.13  -0.12     1.05
  MONTH TO DATE    4.65                      3.91   0.74     4.54
  SINCE MAR 1      4.65                      3.91   0.74     4.54
  SINCE JAN 1     10.99                      9.80   1.19    11.52

SNOWFALL (IN)
  YESTERDAY        0.2           1.3  1991   0.0    0.2      0.0
  MONTH TO DATE   18.6                       5.0   13.6      0.1
  SINCE OCT 1     59.7                      26.6   33.1     56.6
  SINCE JUL 1     59.7                      26.6   33.1     56.6
  SNOW DEPTH       0

DEGREE DAYS
 HEATING
  YESTERDAY       22                        21      1       20
  MONTH TO DATE  932                       776    156      911
  SINCE MAR 1    932                       776    156      911
  SINCE JUL 1   5038                      4663    375     4959

 COOLING
  YESTERDAY        0                         0      0        0
  MONTH TO DATE    0                         0      0        0
  SINCE MAR 1      0                         0      0        0
  SINCE JAN 1      0                         0      0        0
..................................................................


WIND (MPH)
  HIGHEST WIND SPEED    28   HIGHEST WIND DIRECTION    NW (300)
  HIGHEST GUST SPEED    33   HIGHEST GUST DIRECTION    NW (300)
  AVERAGE WIND SPEED    10.2


SKY COVER
  AVERAGE SKY COVER 0.6


WEATHER CONDITIONS
 THE FOLLOWING WEATHER WAS RECORDED YESTERDAY.
  LIGHT SNOW
  FOG


RELATIVE HUMIDITY (PERCENT)
 HIGHEST    92           900 AM
 LOWEST     41           400 PM
 AVERAGE    67

..........................................................


THE BRIDGEPORT CT CLIMATE NORMALS FOR TODAY
                         NORMAL    RECORD    YEAR
 MAXIMUM TEMPERATURE (F)   52        74      1998
 MINIMUM TEMPERATURE (F)   36        21      1964


SUNRISE AND SUNSET
MARCH 31 2015.........SUNRISE   638 AM EDT   SUNSET   716 PM EDT
APRIL  1 2015.........SUNRISE   636 AM EDT   SUNSET   717 PM EDT


-  INDICATES NEGATIVE NUMBERS.
R  INDICATES RECORD WAS SET OR TIED.
MM INDICATES DATA IS MISSING.
T  INDICATES TRACE AMOUNT.




$$
