000
CDUS41 KOKX 150617
CLIBDR


CLIMATE REPORT
NATIONAL WEATHER SERVICE NEW YORK NY
216 AM EDT WED APR 15 2015


...................................

...THE BRIDGEPORT CT CLIMATE SUMMARY FOR APRIL 14 2015...

CLIMATE NORMAL PERIOD 1981 TO 2010
CLIMATE RECORD PERIOD 1948 TO 2015


WEATHER ITEM   OBSERVED TIME   RECORD YEAR NORMAL DEPARTURE LAST
                VALUE   (LST)  VALUE       VALUE  FROM      YEAR
                                                  NORMAL
..................................................................
TEMPERATURE (F)
 YESTERDAY
  MAXIMUM         68    230 PM  73    1949  57     11       67
  MINIMUM         48   1159 PM  26    1950  41      7       51
  AVERAGE         58                        49      9       59

PRECIPITATION (IN)
  YESTERDAY        0.00          1.19 1964   0.14  -0.14     0.00
  MONTH TO DATE    0.40                      2.01  -1.61     0.89
  SINCE MAR 1      5.12                      6.06  -0.94     6.11
  SINCE JAN 1     11.46                     11.95  -0.49    13.09

SNOWFALL (IN)
  YESTERDAY        0.0           3.7  1950   0.1   -0.1      0.0
  MONTH TO DATE    0.0                       0.7   -0.7      0.0
  SINCE OCT 1     59.7                      27.4   32.3     57.3
  SINCE JUL 1     59.7                      27.4   32.3     57.3
  SNOW DEPTH       0

DEGREE DAYS
 HEATING
  YESTERDAY        7                        16     -9        6
  MONTH TO DATE  267                       258      9      229
  SINCE MAR 1   1224                      1055    169     1163
  SINCE JUL 1   5330                      4942    388     5211

 COOLING
  YESTERDAY        0                         0      0        0
  MONTH TO DATE    0                         0      0        0
  SINCE MAR 1      0                         0      0        0
  SINCE JAN 1      0                         0      0        0
..................................................................


WIND (MPH)
  HIGHEST WIND SPEED    14   HIGHEST WIND DIRECTION     N (360)
  HIGHEST GUST SPEED    18   HIGHEST GUST DIRECTION     N (10)
  AVERAGE WIND SPEED     5.5


SKY COVER
  AVERAGE SKY COVER 0.4


WEATHER CONDITIONS
 THE FOLLOWING WEATHER WAS RECORDED YESTERDAY.
  NO SIGNIFICANT WEATHER WAS OBSERVED.


RELATIVE HUMIDITY (PERCENT)
 HIGHEST    96           500 AM
 LOWEST     19           200 PM
 AVERAGE    58

..........................................................


THE BRIDGEPORT CT CLIMATE NORMALS FOR TODAY
                         NORMAL    RECORD    YEAR
 MAXIMUM TEMPERATURE (F)   58        81      1960
 MINIMUM TEMPERATURE (F)   41        30      1973
                                             1957


SUNRISE AND SUNSET
APRIL 15 2015.........SUNRISE   614 AM EDT   SUNSET   732 PM EDT
APRIL 16 2015.........SUNRISE   612 AM EDT   SUNSET   733 PM EDT


-  INDICATES NEGATIVE NUMBERS.
R  INDICATES RECORD WAS SET OR TIED.
MM INDICATES DATA IS MISSING.
T  INDICATES TRACE AMOUNT.




$$
