000
CDUS41 KOKX 012033
CLIBDR


CLIMATE REPORT
NATIONAL WEATHER SERVICE NEW YORK NY
433 PM EDT WED APR 1 2015


...................................

...THE BRIDGEPORT CT CLIMATE SUMMARY FOR APRIL 1 2015...
VALID TODAY AS OF 0400 PM LOCAL TIME.

CLIMATE NORMAL PERIOD 1981 TO 2010
CLIMATE RECORD PERIOD 1948 TO 2015


WEATHER ITEM   OBSERVED TIME   RECORD YEAR NORMAL DEPARTURE LAST
                VALUE   (LST)  VALUE       VALUE  FROM      YEAR
                                                  NORMAL
..................................................................
TEMPERATURE (F)
 TODAY
  MAXIMUM         52    256 PM  71    1955  53     -1       53
  MINIMUM         32    601 AM  21    1970  36     -4       33
  AVERAGE         42                        44     -2       43

PRECIPITATION (IN)
  TODAY            0.00          2.21 1973   0.14  -0.14     0.00
  MONTH TO DATE    0.00                      0.14  -0.14     0.00
  SINCE MAR 1      4.72                      4.19   0.53     5.22
  SINCE JAN 1     11.06                     10.08   0.98    12.20

SNOWFALL (IN)
  TODAY            0.0           4.0  1997   0.1   -0.1      0.0
  MONTH TO DATE    0.0                       0.1   -0.1      0.0
  SINCE OCT 1     59.7                      26.8   32.9     57.3
  SINCE JUL 1     59.7                      26.8   32.9     57.3
  SNOW DEPTH       0

DEGREE DAYS
 HEATING
  TODAY           23                        21      2       22
  MONTH TO DATE   23                        21      2       22
  SINCE MAR 1    980                       818    162      956
  SINCE JUL 1   5086                      4705    381     5004

 COOLING
  TODAY            0                         0      0        0
  MONTH TO DATE    0                         0      0        0
  SINCE MAR 1      0                         0      0        0
  SINCE JAN 1      0                         0      0        0
..................................................................


WIND (MPH)
  HIGHEST WIND SPEED    20   HIGHEST WIND DIRECTION    NW (330)
  HIGHEST GUST SPEED    27   HIGHEST GUST DIRECTION    NW (310)
  AVERAGE WIND SPEED    10.9


SKY COVER
  AVERAGE SKY COVER 0.0


WEATHER CONDITIONS
 THE FOLLOWING WEATHER WAS RECORDED TODAY.
  NO SIGNIFICANT WEATHER WAS OBSERVED.


RELATIVE HUMIDITY (PERCENT)
 HIGHEST    89          1200 AM
 LOWEST     19           100 PM
 AVERAGE    54

..........................................................


THE BRIDGEPORT CT CLIMATE NORMALS FOR TOMORROW
                         NORMAL    RECORD    YEAR
 MAXIMUM TEMPERATURE (F)   53        72      1955
 MINIMUM TEMPERATURE (F)   37        24      1964


SUNRISE AND SUNSET
APRIL  1 2015.........SUNRISE   636 AM EDT   SUNSET   717 PM EDT
APRIL  2 2015.........SUNRISE   635 AM EDT   SUNSET   718 PM EDT


-  INDICATES NEGATIVE NUMBERS.
R  INDICATES RECORD WAS SET OR TIED.
MM INDICATES DATA IS MISSING.
T  INDICATES TRACE AMOUNT.




$$
