000
CDUS41 KOKX 300621
CLIBDR


CLIMATE REPORT
NATIONAL WEATHER SERVICE NEW YORK NY
221 AM EDT THU APR 30 2015


...................................

...THE BRIDGEPORT CT CLIMATE SUMMARY FOR APRIL 29 2015...

CLIMATE NORMAL PERIOD 1981 TO 2010
CLIMATE RECORD PERIOD 1948 TO 2015


WEATHER ITEM   OBSERVED TIME   RECORD YEAR NORMAL DEPARTURE LAST
                VALUE   (LST)  VALUE       VALUE  FROM      YEAR
                                                  NORMAL
..................................................................
TEMPERATURE (F)
 YESTERDAY
  MAXIMUM         76    247 PM  85    1974  62     14       50
  MINIMUM         47   1033 PM  34    1966  45      2       43
  AVERAGE         62                        54      8       47

PRECIPITATION (IN)
  YESTERDAY        0.00          0.65 1955   0.13  -0.13     0.01
  MONTH TO DATE    2.09                      4.01  -1.92     2.96
  SINCE MAR 1      6.81                      8.06  -1.25     8.18
  SINCE JAN 1     13.15                     13.95  -0.80    15.16

SNOWFALL (IN)
  YESTERDAY        0.0           0.0  2002   0.0    0.0      0.0
                                      2001
  MONTH TO DATE    T                         0.9   -0.9      0.1
  SINCE OCT 1     59.7                      27.6   32.1     57.4
  SINCE JUL 1     59.7                      27.6   32.1     57.4
  SNOW DEPTH       0

DEGREE DAYS
 HEATING
  YESTERDAY        3                        11     -8       18
  MONTH TO DATE  442                       461    -19      479
  SINCE MAR 1   1399                      1258    141     1413
  SINCE JUL 1   5505                      5145    360     5461

 COOLING
  YESTERDAY        0                         0      0        0
  MONTH TO DATE    0                         0      0        0
  SINCE MAR 1      0                         0      0        0
  SINCE JAN 1      0                         0      0        0
..................................................................


WIND (MPH)
  HIGHEST WIND SPEED    26   HIGHEST WIND DIRECTION     E (90)
  HIGHEST GUST SPEED    33   HIGHEST GUST DIRECTION     E (80)
  AVERAGE WIND SPEED    12.0


SKY COVER
  AVERAGE SKY COVER 0.1


WEATHER CONDITIONS
 THE FOLLOWING WEATHER WAS RECORDED YESTERDAY.
  HAZE


RELATIVE HUMIDITY (PERCENT)
 HIGHEST    86           900 PM
 LOWEST     23           100 PM
 AVERAGE    55

..........................................................


THE BRIDGEPORT CT CLIMATE NORMALS FOR TODAY
                         NORMAL    RECORD    YEAR
 MAXIMUM TEMPERATURE (F)   63        79      2007
 MINIMUM TEMPERATURE (F)   46        38      2008
                                             1992


SUNRISE AND SUNSET
APRIL 30 2015.........SUNRISE   552 AM EDT   SUNSET   748 PM EDT
MAY  1 2015...........SUNRISE   551 AM EDT   SUNSET   749 PM EDT


-  INDICATES NEGATIVE NUMBERS.
R  INDICATES RECORD WAS SET OR TIED.
MM INDICATES DATA IS MISSING.
T  INDICATES TRACE AMOUNT.




$$
