000
CDUS41 KOKX 112035
CLIBDR


CLIMATE REPORT
NATIONAL WEATHER SERVICE NEW YORK NY
435 PM EDT SAT APR 11 2015


...................................

...THE BRIDGEPORT CT CLIMATE SUMMARY FOR APRIL 11 2015...
VALID TODAY AS OF 0400 PM LOCAL TIME.

CLIMATE NORMAL PERIOD 1981 TO 2010
CLIMATE RECORD PERIOD 1948 TO 2015


WEATHER ITEM   OBSERVED TIME   RECORD YEAR NORMAL DEPARTURE LAST
                VALUE   (LST)  VALUE       VALUE  FROM      YEAR
                                                  NORMAL
..................................................................
TEMPERATURE (F)
 TODAY
  MAXIMUM         60    129 PM  79    1955  56      4       70
  MINIMUM         41    521 AM  27    1960  40      1       46
  AVERAGE         51                        48      3       58

PRECIPITATION (IN)
  TODAY            0.00          0.98 1958   0.15  -0.15      T
  MONTH TO DATE    0.40                      1.57  -1.17     0.89
  SINCE MAR 1      5.12                      5.62  -0.50     6.11
  SINCE JAN 1     11.46                     11.51  -0.05    13.09

SNOWFALL (IN)
  TODAY            0.0           1.0  1958   0.1   -0.1      0.0
  MONTH TO DATE    0.0                       0.6   -0.6      0.0
  SINCE OCT 1     59.7                      27.3   32.4     57.3
  SINCE JUL 1     59.7                      27.3   32.4     57.3
  SNOW DEPTH       0

DEGREE DAYS
 HEATING
  TODAY           14                        17     -3        7
  MONTH TO DATE  227                       209     18      205
  SINCE MAR 1   1184                      1006    178     1139
  SINCE JUL 1   5290                      4893    397     5187

 COOLING
  TODAY            0                         0      0        0
  MONTH TO DATE    0                         0      0        0
  SINCE MAR 1      0                         0      0        0
  SINCE JAN 1      0                         0      0        0
..................................................................


WIND (MPH)
  HIGHEST WIND SPEED    25   HIGHEST WIND DIRECTION     W (290)
  HIGHEST GUST SPEED    35   HIGHEST GUST DIRECTION    NW (320)
  AVERAGE WIND SPEED    12.1


SKY COVER
  AVERAGE SKY COVER 0.1


WEATHER CONDITIONS
 THE FOLLOWING WEATHER WAS RECORDED TODAY.
  FOG


RELATIVE HUMIDITY (PERCENT)
 HIGHEST   100           200 AM
 LOWEST     31           200 PM
 AVERAGE    66

..........................................................


THE BRIDGEPORT CT CLIMATE NORMALS FOR TOMORROW
                         NORMAL    RECORD    YEAR
 MAXIMUM TEMPERATURE (F)   57        86      1977
 MINIMUM TEMPERATURE (F)   40        25      1976


SUNRISE AND SUNSET
APRIL 11 2015.........SUNRISE   620 AM EDT   SUNSET   728 PM EDT
APRIL 12 2015.........SUNRISE   618 AM EDT   SUNSET   729 PM EDT


-  INDICATES NEGATIVE NUMBERS.
R  INDICATES RECORD WAS SET OR TIED.
MM INDICATES DATA IS MISSING.
T  INDICATES TRACE AMOUNT.




$$
