000
CDUS41 KOKX 312043
CLIBDR


CLIMATE REPORT
NATIONAL WEATHER SERVICE NEW YORK NY
443 PM EDT TUE MAR 31 2015


...................................

...THE BRIDGEPORT CT CLIMATE SUMMARY FOR MARCH 31 2015...
VALID TODAY AS OF 0400 PM LOCAL TIME.

CLIMATE NORMAL PERIOD 1981 TO 2010
CLIMATE RECORD PERIOD 1948 TO 2015


WEATHER ITEM   OBSERVED TIME   RECORD YEAR NORMAL DEPARTURE LAST
                VALUE   (LST)  VALUE       VALUE  FROM      YEAR
                                                  NORMAL
..................................................................
TEMPERATURE (F)
 TODAY
  MAXIMUM         45   1126 AM  74    1998  52     -7       50
  MINIMUM         35    549 AM  21    1964  36     -1       34
  AVERAGE         40                        44     -4       42

PRECIPITATION (IN)
  TODAY            0.01          2.67 1987   0.14  -0.13     0.68
  MONTH TO DATE    4.66                      4.05   0.61     5.22
  SINCE MAR 1      4.66                      4.05   0.61     5.22
  SINCE JAN 1     11.00                      9.94   1.06    12.20

SNOWFALL (IN)
  TODAY            0.0           2.2  1970   0.1   -0.1      0.7
  MONTH TO DATE   18.6                       5.1   13.5      0.8
  SINCE OCT 1     59.7                      26.7   33.0     57.3
  SINCE JUL 1     59.7                      26.7   33.0     57.3
  SNOW DEPTH       0

DEGREE DAYS
 HEATING
  TODAY           25                        21      4       23
  MONTH TO DATE  957                       797    160      934
  SINCE MAR 1    957                       797    160      934
  SINCE JUL 1   5063                      4684    379     4982

 COOLING
  TODAY            0                         0      0        0
  MONTH TO DATE    0                         0      0        0
  SINCE MAR 1      0                         0      0        0
  SINCE JAN 1      0                         0      0        0
..................................................................


WIND (MPH)
  HIGHEST WIND SPEED    20   HIGHEST WIND DIRECTION    SW (210)
  HIGHEST GUST SPEED    24   HIGHEST GUST DIRECTION    SW (220)
  AVERAGE WIND SPEED    10.1


SKY COVER
  AVERAGE SKY COVER 0.2


WEATHER CONDITIONS
 THE FOLLOWING WEATHER WAS RECORDED TODAY.
  LIGHT RAIN


RELATIVE HUMIDITY (PERCENT)
 HIGHEST    85           300 PM
 LOWEST     49           900 AM
 AVERAGE    67

..........................................................


THE BRIDGEPORT CT CLIMATE NORMALS FOR TOMORROW
                         NORMAL    RECORD    YEAR
 MAXIMUM TEMPERATURE (F)   53        71      1955
 MINIMUM TEMPERATURE (F)   36        21      1970


SUNRISE AND SUNSET
MARCH 31 2015.........SUNRISE   638 AM EDT   SUNSET   716 PM EDT
APRIL  1 2015.........SUNRISE   636 AM EDT   SUNSET   717 PM EDT


-  INDICATES NEGATIVE NUMBERS.
R  INDICATES RECORD WAS SET OR TIED.
MM INDICATES DATA IS MISSING.
T  INDICATES TRACE AMOUNT.




$$
