000
CDUS41 KOKX 190617
CLIBDR


CLIMATE REPORT
NATIONAL WEATHER SERVICE NEW YORK NY
217 AM EDT SUN APR 19 2015


...................................

...THE BRIDGEPORT CT CLIMATE SUMMARY FOR APRIL 18 2015...

CLIMATE NORMAL PERIOD 1981 TO 2010
CLIMATE RECORD PERIOD 1948 TO 2015


WEATHER ITEM   OBSERVED TIME   RECORD YEAR NORMAL DEPARTURE LAST
                VALUE   (LST)  VALUE       VALUE  FROM      YEAR
                                                  NORMAL
..................................................................
TEMPERATURE (F)
 YESTERDAY
  MAXIMUM         75    227 PM  85    2002  59     16       46
  MINIMUM         44    515 AM  32    1962  42      2       33
  AVERAGE         60                        50     10       40

PRECIPITATION (IN)
  YESTERDAY        0.00          1.01 1969   0.14  -0.14     0.00
  MONTH TO DATE    0.61                      2.56  -1.95     2.26
  SINCE MAR 1      5.33                      6.61  -1.28     7.48
  SINCE JAN 1     11.67                     12.50  -0.83    14.46

SNOWFALL (IN)
  YESTERDAY        0.0           T    2001   0.0    0.0      0.0
  MONTH TO DATE    0.0                       0.8   -0.8      0.1
  SINCE OCT 1     59.7                      27.5   32.2     57.4
  SINCE JUL 1     59.7                      27.5   32.2     57.4
  SNOW DEPTH       0

DEGREE DAYS
 HEATING
  YESTERDAY        5                        15    -10       25
  MONTH TO DATE  301                       319    -18      324
  SINCE MAR 1   1258                      1116    142     1258
  SINCE JUL 1   5364                      5003    361     5306

 COOLING
  YESTERDAY        0                         0      0        0
  MONTH TO DATE    0                         0      0        0
  SINCE MAR 1      0                         0      0        0
  SINCE JAN 1      0                         0      0        0
..................................................................


WIND (MPH)
  HIGHEST WIND SPEED    23   HIGHEST WIND DIRECTION     N (350)
  HIGHEST GUST SPEED    30   HIGHEST GUST DIRECTION     N (340)
  AVERAGE WIND SPEED     9.0


SKY COVER
  AVERAGE SKY COVER 0.0


WEATHER CONDITIONS
 THE FOLLOWING WEATHER WAS RECORDED YESTERDAY.
  FOG


RELATIVE HUMIDITY (PERCENT)
 HIGHEST    93           400 AM
 LOWEST     24           900 PM
 AVERAGE    59

..........................................................


THE BRIDGEPORT CT CLIMATE NORMALS FOR TODAY
                         NORMAL    RECORD    YEAR
 MAXIMUM TEMPERATURE (F)   59        82      1976
 MINIMUM TEMPERATURE (F)   42        31      2001
                                             1990


SUNRISE AND SUNSET
APRIL 19 2015.........SUNRISE   608 AM EDT   SUNSET   737 PM EDT
APRIL 20 2015.........SUNRISE   606 AM EDT   SUNSET   738 PM EDT


-  INDICATES NEGATIVE NUMBERS.
R  INDICATES RECORD WAS SET OR TIED.
MM INDICATES DATA IS MISSING.
T  INDICATES TRACE AMOUNT.




$$
