000
CDUS41 KOKX 110618
CLIBDR


CLIMATE REPORT
NATIONAL WEATHER SERVICE NEW YORK NY
218 AM EDT SAT APR 11 2015


...................................

...THE BRIDGEPORT CT CLIMATE SUMMARY FOR APRIL 10 2015...

CLIMATE NORMAL PERIOD 1981 TO 2010
CLIMATE RECORD PERIOD 1948 TO 2015


WEATHER ITEM   OBSERVED TIME   RECORD YEAR NORMAL DEPARTURE LAST
                VALUE   (LST)  VALUE       VALUE  FROM      YEAR
                                                  NORMAL
..................................................................
TEMPERATURE (F)
 YESTERDAY
  MAXIMUM         50    944 PM  81    1955  56     -6       54
  MINIMUM         38    352 AM  26    1997  39     -1       32
  AVERAGE         44                        48     -4       43

PRECIPITATION (IN)
  YESTERDAY        0.10          3.15 1983   0.15  -0.05     0.00
  MONTH TO DATE    0.40                      1.42  -1.02     0.89
  SINCE MAR 1      5.12                      5.47  -0.35     6.11
  SINCE JAN 1     11.46                     11.36   0.10    13.09

SNOWFALL (IN)
  YESTERDAY        0.0           T    1974   0.0    0.0      0.0
  MONTH TO DATE    0.0                       0.5   -0.5      0.0
  SINCE OCT 1     59.7                      27.2   32.5     57.3
  SINCE JUL 1     59.7                      27.2   32.5     57.3
  SNOW DEPTH       0

DEGREE DAYS
 HEATING
  YESTERDAY       21                        18      3       22
  MONTH TO DATE  213                       192     21      198
  SINCE MAR 1   1170                       989    181     1132
  SINCE JUL 1   5276                      4876    400     5180

 COOLING
  YESTERDAY        0                         0      0        0
  MONTH TO DATE    0                         0      0        0
  SINCE MAR 1      0                         0      0        0
  SINCE JAN 1      0                         0      0        0
..................................................................


WIND (MPH)
  HIGHEST WIND SPEED    15   HIGHEST WIND DIRECTION     E (90)
  HIGHEST GUST SPEED    19   HIGHEST GUST DIRECTION     E (90)
  AVERAGE WIND SPEED     5.9


SKY COVER
  AVERAGE SKY COVER 0.9


WEATHER CONDITIONS
 THE FOLLOWING WEATHER WAS RECORDED YESTERDAY.
  RAIN
  LIGHT RAIN
  FOG
  FOG W/VISIBILITY <= 1/4 MILE


RELATIVE HUMIDITY (PERCENT)
 HIGHEST   100           200 AM
 LOWEST     92          1200 AM
 AVERAGE    96

..........................................................


THE BRIDGEPORT CT CLIMATE NORMALS FOR TODAY
                         NORMAL    RECORD    YEAR
 MAXIMUM TEMPERATURE (F)   56        79      1955
 MINIMUM TEMPERATURE (F)   40        27      1960


SUNRISE AND SUNSET
APRIL 11 2015.........SUNRISE   620 AM EDT   SUNSET   728 PM EDT
APRIL 12 2015.........SUNRISE   618 AM EDT   SUNSET   729 PM EDT


-  INDICATES NEGATIVE NUMBERS.
R  INDICATES RECORD WAS SET OR TIED.
MM INDICATES DATA IS MISSING.
T  INDICATES TRACE AMOUNT.




$$
