000
CDUS41 KOKX 092032
CLIBDR


CLIMATE REPORT
NATIONAL WEATHER SERVICE NEW YORK NY
432 PM EDT THU APR 9 2015


...................................

...THE BRIDGEPORT CT CLIMATE SUMMARY FOR APRIL 9 2015...
VALID TODAY AS OF 0400 PM LOCAL TIME.

CLIMATE NORMAL PERIOD 1981 TO 2010
CLIMATE RECORD PERIOD 1948 TO 2015


WEATHER ITEM   OBSERVED TIME   RECORD YEAR NORMAL DEPARTURE LAST
                VALUE   (LST)  VALUE       VALUE  FROM      YEAR
                                                  NORMAL
..................................................................
TEMPERATURE (F)
 TODAY
  MAXIMUM         44    234 PM  81    2013  55    -11       63
  MINIMUM         37    653 AM  24    1977  39     -2       38
  AVERAGE         41                        47     -6       51

PRECIPITATION (IN)
  TODAY            0.00          2.80 1980   0.15  -0.15     0.00
  MONTH TO DATE    0.30                      1.27  -0.97     0.89
  SINCE MAR 1      5.02                      5.32  -0.30     6.11
  SINCE JAN 1     11.36                     11.21   0.15    13.09

SNOWFALL (IN)
  TODAY            0.0           0.0  2001   0.1   -0.1      0.0
                                      1974
  MONTH TO DATE    0.0                       0.5   -0.5      0.0
  SINCE OCT 1     59.7                      27.2   32.5     57.3
  SINCE JUL 1     59.7                      27.2   32.5     57.3
  SNOW DEPTH       0

DEGREE DAYS
 HEATING
  TODAY           24                        18      6       14
  MONTH TO DATE  192                       174     18      176
  SINCE MAR 1   1149                       971    178     1110
  SINCE JUL 1   5255                      4858    397     5158

 COOLING
  TODAY            0                         0      0        0
  MONTH TO DATE    0                         0      0        0
  SINCE MAR 1      0                         0      0        0
  SINCE JAN 1      0                         0      0        0
..................................................................


WIND (MPH)
  HIGHEST WIND SPEED    18   HIGHEST WIND DIRECTION    NE (50)
  HIGHEST GUST SPEED    24   HIGHEST GUST DIRECTION    NE (50)
  AVERAGE WIND SPEED    11.9


SKY COVER
  AVERAGE SKY COVER 1.0


WEATHER CONDITIONS
 THE FOLLOWING WEATHER WAS RECORDED TODAY.
  NO SIGNIFICANT WEATHER WAS OBSERVED.


RELATIVE HUMIDITY (PERCENT)
 HIGHEST    92          1200 AM
 LOWEST     73          1100 AM
 AVERAGE    83

..........................................................


THE BRIDGEPORT CT CLIMATE NORMALS FOR TOMORROW
                         NORMAL    RECORD    YEAR
 MAXIMUM TEMPERATURE (F)   56        81      1955
 MINIMUM TEMPERATURE (F)   39        26      1997


SUNRISE AND SUNSET
APRIL  9 2015.........SUNRISE   623 AM EDT   SUNSET   726 PM EDT
APRIL 10 2015.........SUNRISE   622 AM EDT   SUNSET   727 PM EDT


-  INDICATES NEGATIVE NUMBERS.
R  INDICATES RECORD WAS SET OR TIED.
MM INDICATES DATA IS MISSING.
T  INDICATES TRACE AMOUNT.




$$
