000
CDUS41 KOKX 082032
CLIBDR


CLIMATE REPORT
NATIONAL WEATHER SERVICE NEW YORK NY
432 PM EDT WED APR 8 2015


...................................

...THE BRIDGEPORT CT CLIMATE SUMMARY FOR APRIL 8 2015...
VALID TODAY AS OF 0400 PM LOCAL TIME.

CLIMATE NORMAL PERIOD 1981 TO 2010
CLIMATE RECORD PERIOD 1948 TO 2015


WEATHER ITEM   OBSERVED TIME   RECORD YEAR NORMAL DEPARTURE LAST
                VALUE   (LST)  VALUE       VALUE  FROM      YEAR
                                                  NORMAL
..................................................................
TEMPERATURE (F)
 TODAY
  MAXIMUM         45    923 AM  84    1991  55    -10       62
  MINIMUM         41   1215 AM  23    1982  39      2       42
  AVERAGE         43                        47     -4       52

PRECIPITATION (IN)
  TODAY            0.00          0.90 1973   0.14  -0.14     0.44
  MONTH TO DATE    0.26                      1.12  -0.86     0.89
  SINCE MAR 1      4.98                      5.17  -0.19     6.11
  SINCE JAN 1     11.32                     11.06   0.26    13.09

SNOWFALL (IN)
  TODAY            0.0           0.1  1972   0.0    0.0      0.0
  MONTH TO DATE    0.0                       0.4   -0.4      0.0
  SINCE OCT 1     59.7                      27.1   32.6     57.3
  SINCE JUL 1     59.7                      27.1   32.6     57.3
  SNOW DEPTH       0

DEGREE DAYS
 HEATING
  TODAY           22                        18      4       13
  MONTH TO DATE  166                       156     10      162
  SINCE MAR 1   1123                       953    170     1096
  SINCE JUL 1   5229                      4840    389     5144

 COOLING
  TODAY            0                         0      0        0
  MONTH TO DATE    0                         0      0        0
  SINCE MAR 1      0                         0      0        0
  SINCE JAN 1      0                         0      0        0
..................................................................


WIND (MPH)
  HIGHEST WIND SPEED    22   HIGHEST WIND DIRECTION     E (100)
  HIGHEST GUST SPEED    29   HIGHEST GUST DIRECTION     E (100)
  AVERAGE WIND SPEED    13.7


SKY COVER
  AVERAGE SKY COVER 1.0


WEATHER CONDITIONS
 THE FOLLOWING WEATHER WAS RECORDED TODAY.
  NO SIGNIFICANT WEATHER WAS OBSERVED.


RELATIVE HUMIDITY (PERCENT)
 HIGHEST    93          1200 AM
 LOWEST     53           900 AM
 AVERAGE    73

..........................................................


THE BRIDGEPORT CT CLIMATE NORMALS FOR TOMORROW
                         NORMAL    RECORD    YEAR
 MAXIMUM TEMPERATURE (F)   55        81      2013
 MINIMUM TEMPERATURE (F)   39        24      1977


SUNRISE AND SUNSET
APRIL  8 2015.........SUNRISE   625 AM EDT   SUNSET   725 PM EDT
APRIL  9 2015.........SUNRISE   623 AM EDT   SUNSET   726 PM EDT


-  INDICATES NEGATIVE NUMBERS.
R  INDICATES RECORD WAS SET OR TIED.
MM INDICATES DATA IS MISSING.
T  INDICATES TRACE AMOUNT.




$$
