000
CDUS41 KOKX 140617
CLIBDR


CLIMATE REPORT
NATIONAL WEATHER SERVICE NEW YORK NY
217 AM EDT TUE APR 14 2015


...................................

...THE BRIDGEPORT CT CLIMATE SUMMARY FOR APRIL 13 2015...

CLIMATE NORMAL PERIOD 1981 TO 2010
CLIMATE RECORD PERIOD 1948 TO 2015


WEATHER ITEM   OBSERVED TIME   RECORD YEAR NORMAL DEPARTURE LAST
                VALUE   (LST)  VALUE       VALUE  FROM      YEAR
                                                  NORMAL
..................................................................
TEMPERATURE (F)
 YESTERDAY
  MAXIMUM         64    237 PM  74    1968  57      7       64
  MINIMUM         36    349 AM  28    1967  40     -4       43
  AVERAGE         50                        49      1       54

PRECIPITATION (IN)
  YESTERDAY        0.00          3.08 2004   0.15  -0.15     0.00
  MONTH TO DATE    0.40                      1.87  -1.47     0.89
  SINCE MAR 1      5.12                      5.92  -0.80     6.11
  SINCE JAN 1     11.46                     11.81  -0.35    13.09

SNOWFALL (IN)
  YESTERDAY        0.0           0.0  2002   0.0    0.0      0.0
                                      2001
                                      1961
  MONTH TO DATE    0.0                       0.6   -0.6      0.0
  SINCE OCT 1     59.7                      27.3   32.4     57.3
  SINCE JUL 1     59.7                      27.3   32.4     57.3
  SNOW DEPTH       0

DEGREE DAYS
 HEATING
  YESTERDAY       15                        16     -1       11
  MONTH TO DATE  260                       242     18      223
  SINCE MAR 1   1217                      1039    178     1157
  SINCE JUL 1   5323                      4926    397     5205

 COOLING
  YESTERDAY        0                         0      0        0
  MONTH TO DATE    0                         0      0        0
  SINCE MAR 1      0                         0      0        0
  SINCE JAN 1      0                         0      0        0
..................................................................


WIND (MPH)
  HIGHEST WIND SPEED    21   HIGHEST WIND DIRECTION     S (190)
  HIGHEST GUST SPEED    26   HIGHEST GUST DIRECTION     S (190)
  AVERAGE WIND SPEED     5.7


SKY COVER
  AVERAGE SKY COVER 0.0


WEATHER CONDITIONS
 THE FOLLOWING WEATHER WAS RECORDED YESTERDAY.
  NO SIGNIFICANT WEATHER WAS OBSERVED.


RELATIVE HUMIDITY (PERCENT)
 HIGHEST    86          1000 PM
 LOWEST     36           500 PM
 AVERAGE    61

..........................................................


THE BRIDGEPORT CT CLIMATE NORMALS FOR TODAY
                         NORMAL    RECORD    YEAR
 MAXIMUM TEMPERATURE (F)   57        73      1949
 MINIMUM TEMPERATURE (F)   41        26      1950


SUNRISE AND SUNSET
APRIL 14 2015.........SUNRISE   615 AM EDT   SUNSET   731 PM EDT
APRIL 15 2015.........SUNRISE   614 AM EDT   SUNSET   732 PM EDT


-  INDICATES NEGATIVE NUMBERS.
R  INDICATES RECORD WAS SET OR TIED.
MM INDICATES DATA IS MISSING.
T  INDICATES TRACE AMOUNT.




$$
