000
CDUS41 KOKX 130623
CLIBDR


CLIMATE REPORT
NATIONAL WEATHER SERVICE NEW YORK NY
222 AM EDT MON APR 13 2015


...................................

...THE BRIDGEPORT CT CLIMATE SUMMARY FOR APRIL 12 2015...

CLIMATE NORMAL PERIOD 1981 TO 2010
CLIMATE RECORD PERIOD 1948 TO 2015


WEATHER ITEM   OBSERVED TIME   RECORD YEAR NORMAL DEPARTURE LAST
                VALUE   (LST)  VALUE       VALUE  FROM      YEAR
                                                  NORMAL
..................................................................
TEMPERATURE (F)
 YESTERDAY
  MAXIMUM         62    329 PM  86    1977  57      5       69
  MINIMUM         34    547 AM  25    1976  40     -6       46
  AVERAGE         48                        48      0       58

PRECIPITATION (IN)
  YESTERDAY        0.00          1.27 1997   0.15  -0.15     0.00
  MONTH TO DATE    0.40                      1.72  -1.32     0.89
  SINCE MAR 1      5.12                      5.77  -0.65     6.11
  SINCE JAN 1     11.46                     11.66  -0.20    13.09

SNOWFALL (IN)
  YESTERDAY        0.0           0.3  1959   0.0    0.0      0.0
  MONTH TO DATE    0.0                       0.6   -0.6      0.0
  SINCE OCT 1     59.7                      27.3   32.4     57.3
  SINCE JUL 1     59.7                      27.3   32.4     57.3
  SNOW DEPTH       0

DEGREE DAYS
 HEATING
  YESTERDAY       17                        17      0        7
  MONTH TO DATE  245                       226     19      212
  SINCE MAR 1   1202                      1023    179     1146
  SINCE JUL 1   5308                      4910    398     5194

 COOLING
  YESTERDAY        0                         0      0        0
  MONTH TO DATE    0                         0      0        0
  SINCE MAR 1      0                         0      0        0
  SINCE JAN 1      0                         0      0        0
..................................................................


WIND (MPH)
  HIGHEST WIND SPEED    20   HIGHEST WIND DIRECTION     S (200)
  HIGHEST GUST SPEED    26   HIGHEST GUST DIRECTION     S (180)
  AVERAGE WIND SPEED     7.6


SKY COVER
  AVERAGE SKY COVER 0.0


WEATHER CONDITIONS
 THE FOLLOWING WEATHER WAS RECORDED YESTERDAY.
  NO SIGNIFICANT WEATHER WAS OBSERVED.


RELATIVE HUMIDITY (PERCENT)
 HIGHEST    75           500 AM
 LOWEST     29           400 PM
 AVERAGE    52

..........................................................


THE BRIDGEPORT CT CLIMATE NORMALS FOR TODAY
                         NORMAL    RECORD    YEAR
 MAXIMUM TEMPERATURE (F)   57        74      1968
 MINIMUM TEMPERATURE (F)   40        28      1967


SUNRISE AND SUNSET
APRIL 13 2015.........SUNRISE   617 AM EDT   SUNSET   730 PM EDT
APRIL 14 2015.........SUNRISE   615 AM EDT   SUNSET   731 PM EDT


-  INDICATES NEGATIVE NUMBERS.
R  INDICATES RECORD WAS SET OR TIED.
MM INDICATES DATA IS MISSING.
T  INDICATES TRACE AMOUNT.




$$
