000
CDUS41 KOKX 290621
CLIBDR


CLIMATE REPORT
NATIONAL WEATHER SERVICE NEW YORK NY
221 AM EDT WED APR 29 2015


...................................

...THE BRIDGEPORT CT CLIMATE SUMMARY FOR APRIL 28 2015...

CLIMATE NORMAL PERIOD 1981 TO 2010
CLIMATE RECORD PERIOD 1948 TO 2015


WEATHER ITEM   OBSERVED TIME   RECORD YEAR NORMAL DEPARTURE LAST
                VALUE   (LST)  VALUE       VALUE  FROM      YEAR
                                                  NORMAL
..................................................................
TEMPERATURE (F)
 YESTERDAY
  MAXIMUM         68    528 PM  91    1990  62      6       62
  MINIMUM         47    512 AM  33    1972  45      2       42
  AVERAGE         58                        54      4       52

PRECIPITATION (IN)
  YESTERDAY        T             1.88 1958   0.13  -0.13     0.00
  MONTH TO DATE    2.09                      3.88  -1.79     2.95
  SINCE MAR 1      6.81                      7.93  -1.12     8.17
  SINCE JAN 1     13.15                     13.82  -0.67    15.15

SNOWFALL (IN)
  YESTERDAY        0.0           0.0  2001   0.0    0.0      0.0
                                      1966
  MONTH TO DATE    T                         0.9   -0.9      0.1
  SINCE OCT 1     59.7                      27.6   32.1     57.4
  SINCE JUL 1     59.7                      27.6   32.1     57.4
  SNOW DEPTH       0

DEGREE DAYS
 HEATING
  YESTERDAY        7                        12     -5       13
  MONTH TO DATE  439                       450    -11      461
  SINCE MAR 1   1396                      1247    149     1395
  SINCE JUL 1   5502                      5134    368     5443

 COOLING
  YESTERDAY        0                         0      0        0
  MONTH TO DATE    0                         0      0        0
  SINCE MAR 1      0                         0      0        0
  SINCE JAN 1      0                         0      0        0
..................................................................


WIND (MPH)
  HIGHEST WIND SPEED    23   HIGHEST WIND DIRECTION     N (350)
  HIGHEST GUST SPEED    32   HIGHEST GUST DIRECTION    NW (310)
  AVERAGE WIND SPEED    12.6


SKY COVER
  AVERAGE SKY COVER 0.2


WEATHER CONDITIONS
 THE FOLLOWING WEATHER WAS RECORDED YESTERDAY.
  LIGHT RAIN


RELATIVE HUMIDITY (PERCENT)
 HIGHEST    80           200 AM
 LOWEST     22           400 PM
 AVERAGE    51

..........................................................


THE BRIDGEPORT CT CLIMATE NORMALS FOR TODAY
                         NORMAL    RECORD    YEAR
 MAXIMUM TEMPERATURE (F)   62        85      1974
 MINIMUM TEMPERATURE (F)   45        34      1966


SUNRISE AND SUNSET
APRIL 29 2015.........SUNRISE   553 AM EDT   SUNSET   747 PM EDT
APRIL 30 2015.........SUNRISE   552 AM EDT   SUNSET   748 PM EDT


-  INDICATES NEGATIVE NUMBERS.
R  INDICATES RECORD WAS SET OR TIED.
MM INDICATES DATA IS MISSING.
T  INDICATES TRACE AMOUNT.




$$
