000
CDUS41 KOKX 080620
CLIBDR


CLIMATE REPORT
NATIONAL WEATHER SERVICE NEW YORK NY
220 AM EDT WED APR 8 2015


...................................

...THE BRIDGEPORT CT CLIMATE SUMMARY FOR APRIL 7 2015...

CLIMATE NORMAL PERIOD 1981 TO 2010
CLIMATE RECORD PERIOD 1948 TO 2015


WEATHER ITEM   OBSERVED TIME   RECORD YEAR NORMAL DEPARTURE LAST
                VALUE   (LST)  VALUE       VALUE  FROM      YEAR
                                                  NORMAL
..................................................................
TEMPERATURE (F)
 YESTERDAY
  MAXIMUM         50    947 AM  81    2010  55     -5       48
  MINIMUM         41   1159 PM  18    1982  38      3       36
  AVERAGE         46                        46      0       42

PRECIPITATION (IN)
  YESTERDAY        0.13          1.78 1953   0.14  -0.01     0.21
  MONTH TO DATE    0.26                      0.98  -0.72     0.45
  SINCE MAR 1      4.98                      5.03  -0.05     5.67
  SINCE JAN 1     11.32                     10.92   0.40    12.65

SNOWFALL (IN)
  YESTERDAY        0.0           2.0  2003   0.1   -0.1      0.0
  MONTH TO DATE    0.0                       0.4   -0.4      0.0
  SINCE OCT 1     59.7                      27.1   32.6     57.3
  SINCE JUL 1     59.7                      27.1   32.6     57.3
  SNOW DEPTH       0

DEGREE DAYS
 HEATING
  YESTERDAY       19                        19      0       23
  MONTH TO DATE  144                       138      6      149
  SINCE MAR 1   1101                       935    166     1083
  SINCE JUL 1   5207                      4822    385     5131

 COOLING
  YESTERDAY        0                         0      0        0
  MONTH TO DATE    0                         0      0        0
  SINCE MAR 1      0                         0      0        0
  SINCE JAN 1      0                         0      0        0
..................................................................


WIND (MPH)
  HIGHEST WIND SPEED    13   HIGHEST WIND DIRECTION    NE (30)
  HIGHEST GUST SPEED    17   HIGHEST GUST DIRECTION    NE (40)
  AVERAGE WIND SPEED     6.3


SKY COVER
  AVERAGE SKY COVER 0.9


WEATHER CONDITIONS
 THE FOLLOWING WEATHER WAS RECORDED YESTERDAY.
  LIGHT RAIN
  FOG


RELATIVE HUMIDITY (PERCENT)
 HIGHEST    96          1000 PM
 LOWEST     66           900 AM
 AVERAGE    81

..........................................................


THE BRIDGEPORT CT CLIMATE NORMALS FOR TODAY
                         NORMAL    RECORD    YEAR
 MAXIMUM TEMPERATURE (F)   55        84      1991
 MINIMUM TEMPERATURE (F)   39        23      1982


SUNRISE AND SUNSET
APRIL  8 2015.........SUNRISE   625 AM EDT   SUNSET   725 PM EDT
APRIL  9 2015.........SUNRISE   623 AM EDT   SUNSET   726 PM EDT


-  INDICATES NEGATIVE NUMBERS.
R  INDICATES RECORD WAS SET OR TIED.
MM INDICATES DATA IS MISSING.
T  INDICATES TRACE AMOUNT.




$$
