000
CDUS41 KBGM 240232
CLIBGM


CLIMATE REPORT
NATIONAL WEATHER SERVICE BINGHAMTON NY
1032 PM EDT THU APR 23 2015


...................................

...THE BINGHAMTON NY CLIMATE SUMMARY FOR APRIL 23 2015...
VALID AS OF 1000 PM LOCAL TIME.

CLIMATE NORMAL PERIOD 1981 TO 2010
CLIMATE RECORD PERIOD 1951 TO 2015


WEATHER ITEM   OBSERVED TIME   RECORD YEAR NORMAL DEPARTURE LAST
                VALUE   (LST)  VALUE       VALUE  FROM      YEAR
                                                  NORMAL
..................................................................
TEMPERATURE (F)
 TODAY
  MAXIMUM         36    146 PM  85    1985  58    -22       42
  MINIMUM         29    551 AM  24    1989  39    -10       34
  AVERAGE         33                        48    -15       38

PRECIPITATION (IN)
  TODAY            0.03          0.89 2005   0.11  -0.08     0.03
  MONTH TO DATE    4.20                      2.65   1.55     1.82
  SINCE MAR 1      6.19                      5.64   0.55     4.50
  SINCE JAN 1     10.13                     10.40  -0.27    10.19

SNOWFALL (IN)
  TODAY            0.1           3.3  1956   0.1    0.0       T
  MONTH TO DATE    2.7                       3.8   -1.1      1.0
  SINCE MAR 1     17.5                      18.9   -1.4      2.9
  SINCE JUL 1     93.3                      82.8   10.5     85.4
  SNOW DEPTH       0

DEGREE DAYS
 HEATING
  TODAY           32                        17     15       27
  MONTH TO DATE  461                       493    -32      463
  SINCE MAR 1   1631                      1490    141     1663
  SINCE JUL 1   7163                      6689    474     7134

 COOLING
  TODAY            0                         0      0        0
  MONTH TO DATE    0                         0      0        2
  SINCE MAR 1      0                         0      0        2
  SINCE JAN 1      0                         0      0        2
..................................................................


WIND (MPH)
  HIGHEST WIND SPEED    23   HIGHEST WIND DIRECTION     W (280)
  HIGHEST GUST SPEED    29   HIGHEST GUST DIRECTION     W (290)
  AVERAGE WIND SPEED     9.7


SKY COVER
  AVERAGE SKY COVER 1.0


WEATHER CONDITIONS
 THE FOLLOWING WEATHER WAS RECORDED TODAY.
  SNOW
  LIGHT SNOW
  FOG
  FOG W/VISIBILITY <= 1/4 MILE
  HAZE


RELATIVE HUMIDITY (PERCENT)
 HIGHEST    92           200 AM
 LOWEST     56           500 PM
 AVERAGE    74

..........................................................


THE BINGHAMTON NY CLIMATE NORMALS FOR TOMORROW
                         NORMAL    RECORD    YEAR
 MAXIMUM TEMPERATURE (F)   58        82      1960
 MINIMUM TEMPERATURE (F)   39        26      1956


SUNRISE AND SUNSET
APRIL 23 2015.........SUNRISE   611 AM EDT   SUNSET   754 PM EDT
APRIL 24 2015.........SUNRISE   610 AM EDT   SUNSET   755 PM EDT


-  INDICATES NEGATIVE NUMBERS.
R  INDICATES RECORD WAS SET OR TIED.
MM INDICATES DATA IS MISSING.
T  INDICATES TRACE AMOUNT.




$$
