000
CDUS41 KBGM 292144
CLIBGM


CLIMATE REPORT
NATIONAL WEATHER SERVICE BINGHAMTON NY
543 PM EDT SUN MAR 29 2015


...................................

...THE BINGHAMTON NY CLIMATE SUMMARY FOR MARCH 29 2015...
VALID TODAY AS OF 0500 PM LOCAL TIME.

CLIMATE NORMAL PERIOD 1981 TO 2010
CLIMATE RECORD PERIOD 1951 TO 2015


WEATHER ITEM   OBSERVED TIME   RECORD YEAR NORMAL DEPARTURE LAST
                VALUE   (LST)  VALUE       VALUE  FROM      YEAR
                                                  NORMAL
..................................................................
TEMPERATURE (F)
 TODAY
  MAXIMUM         37    359 PM  75    1986  46     -9       48
                                      1985
  MINIMUM         13    418 AM   9    1959  29    -16       33
  AVERAGE         25                        38    -13       41

PRECIPITATION (IN)
  TODAY            0.00          1.01 2014   0.11  -0.11     1.01
  MONTH TO DATE    1.84                      2.77  -0.93     2.36
  SINCE MAR 1      1.84                      2.77  -0.93     2.36
  SINCE JAN 1      5.78                      7.53  -1.75     8.05

SNOWFALL (IN)
  TODAY            0.0           8.5  1984   0.3   -0.3      0.0
  MONTH TO DATE   13.4                      14.5   -1.1      1.5
  SINCE MAR 1     13.4                      14.5   -1.1      1.5
  SINCE JUL 1     89.2                      78.4   10.8     84.0
  SNOW DEPTH       4

DEGREE DAYS
 HEATING
  TODAY           40                        27     13       24
  MONTH TO DATE 1106                       944    162     1139
  SINCE MAR 1   1106                       944    162     1139
  SINCE JUL 1   6638                      6143    495     6610

 COOLING
  TODAY            0                         0      0        0
  MONTH TO DATE    0                         0      0        0
  SINCE MAR 1      0                         0      0        0
  SINCE JAN 1      0                         0      0        0
..................................................................


WIND (MPH)
  HIGHEST WIND SPEED    13   HIGHEST WIND DIRECTION     W (270)
  HIGHEST GUST SPEED    20   HIGHEST GUST DIRECTION    NW (310)
  AVERAGE WIND SPEED     5.8


SKY COVER
  AVERAGE SKY COVER 0.0


WEATHER CONDITIONS
 THE FOLLOWING WEATHER WAS RECORDED TODAY.
  NO SIGNIFICANT WEATHER WAS OBSERVED.


RELATIVE HUMIDITY (PERCENT)
 HIGHEST    88           600 AM
 LOWEST     29           400 PM
 AVERAGE    59

..........................................................


THE BINGHAMTON NY CLIMATE NORMALS FOR TOMORROW
                         NORMAL    RECORD    YEAR
 MAXIMUM TEMPERATURE (F)   47        82      1998
                                             1977
 MINIMUM TEMPERATURE (F)   30         9      1970


SUNRISE AND SUNSET
MARCH 29 2015.........SUNRISE   652 AM EDT   SUNSET   726 PM EDT
MARCH 30 2015.........SUNRISE   650 AM EDT   SUNSET   727 PM EDT


-  INDICATES NEGATIVE NUMBERS.
R  INDICATES RECORD WAS SET OR TIED.
MM INDICATES DATA IS MISSING.
T  INDICATES TRACE AMOUNT.




$$
