000
CDUS41 KBGM 040216
CLIBGM


CLIMATE REPORT
NATIONAL WEATHER SERVICE BINGHAMTON NY
1015 PM EDT SUN MAY 3 2015


...................................

...THE BINGHAMTON NY CLIMATE SUMMARY FOR MAY 3 2015...
VALID AS OF 1000 PM LOCAL TIME.

CLIMATE NORMAL PERIOD 1981 TO 2010
CLIMATE RECORD PERIOD 1951 TO 2015


WEATHER ITEM   OBSERVED TIME   RECORD YEAR NORMAL DEPARTURE LAST
                VALUE   (LST)  VALUE       VALUE  FROM      YEAR
                                                  NORMAL
..................................................................
TEMPERATURE (F)
 TODAY
  MAXIMUM         74    438 PM  84    2001  61     13       58
                                      1965
  MINIMUM         47    509 AM  26    1957  42      5       43
  AVERAGE         61                        52      9       51

PRECIPITATION (IN)
  TODAY            0.00          1.89 2011   0.10  -0.10     0.19
  MONTH TO DATE    T                         0.32  -0.32     0.35
  SINCE MAR 1      6.20                      6.74  -0.54     5.80
  SINCE JAN 1     10.14                     11.50  -1.36    11.49

SNOWFALL (IN)
  TODAY            0.0           T    2002   0.0    0.0      0.0
                                      1986
  MONTH TO DATE    0.0                       0.0    0.0      0.0
  SINCE MAR 1     17.6                      19.4   -1.8      2.9
  SINCE JUL 1     93.4                      83.3   10.1     85.4
  SNOW DEPTH       0

DEGREE DAYS
 HEATING
  TODAY            4                        14    -10       14
  MONTH TO DATE   21                        42    -21       37
  SINCE MAR 1   1794                      1642    152     1839
  SINCE JUL 1   7326                      6841    485     7310

 COOLING
  TODAY            0                         0      0        0
  MONTH TO DATE    0                         0      0        0
  SINCE MAR 1      0                         4     -4        2
  SINCE JAN 1      0                         4     -4        2
..................................................................


WIND (MPH)
  HIGHEST WIND SPEED    16   HIGHEST WIND DIRECTION     W (270)
  HIGHEST GUST SPEED    22   HIGHEST GUST DIRECTION     W (270)
  AVERAGE WIND SPEED     5.7


SKY COVER
  AVERAGE SKY COVER 0.1


WEATHER CONDITIONS
 THE FOLLOWING WEATHER WAS RECORDED TODAY.
  NO SIGNIFICANT WEATHER WAS OBSERVED.


RELATIVE HUMIDITY (PERCENT)
 HIGHEST    65           500 AM
 LOWEST     23           200 PM
 AVERAGE    44

..........................................................


THE BINGHAMTON NY CLIMATE NORMALS FOR TOMORROW
                         NORMAL    RECORD    YEAR
 MAXIMUM TEMPERATURE (F)   62        85      1955
 MINIMUM TEMPERATURE (F)   42        30      1986
                                             1957


SUNRISE AND SUNSET
MAY  3 2015...........SUNRISE   557 AM EDT   SUNSET   805 PM EDT
MAY  4 2015...........SUNRISE   556 AM EDT   SUNSET   806 PM EDT


-  INDICATES NEGATIVE NUMBERS.
R  INDICATES RECORD WAS SET OR TIED.
MM INDICATES DATA IS MISSING.
T  INDICATES TRACE AMOUNT.




$$
