000
CDUS41 KBGM 220603
CLIBGM


CLIMATE REPORT
NATIONAL WEATHER SERVICE BINGHAMTON NY
202 AM EDT WED APR 22 2015


...................................

...THE BINGHAMTON NY CLIMATE SUMMARY FOR APRIL 21 2015...

CLIMATE NORMAL PERIOD 1981 TO 2010
CLIMATE RECORD PERIOD 1951 TO 2015


WEATHER ITEM   OBSERVED TIME   RECORD YEAR NORMAL DEPARTURE LAST
                VALUE   (LST)  VALUE       VALUE  FROM      YEAR
                                                  NORMAL
..................................................................
TEMPERATURE (F)
 YESTERDAY
  MAXIMUM         55    436 PM  82    1985  57     -2       71
                                      1976
  MINIMUM         41   1159 PM  21    1956  38      3       39
  AVERAGE         48                        47      1       55

PRECIPITATION (IN)
  YESTERDAY        0.42          1.05 1958   0.11   0.31     0.00
  MONTH TO DATE    3.84                      2.43   1.41     1.67
  SINCE MAR 1      5.83                      5.42   0.41     4.35
  SINCE JAN 1      9.77                     10.18  -0.41    10.04

SNOWFALL (IN)
  YESTERDAY        0.0           0.9  1983   0.1   -0.1      0.0
  MONTH TO DATE    2.3                       3.6   -1.3      1.0
  SINCE MAR 1     17.1                      18.7   -1.6      2.9
  SINCE JUL 1     92.9                      82.6   10.3     85.4
  SNOW DEPTH       0

DEGREE DAYS
 HEATING
  YESTERDAY       17                        18     -1       10
  MONTH TO DATE  405                       459    -54      424
  SINCE MAR 1   1575                      1456    119     1624
  SINCE JUL 1   7107                      6655    452     7095

 COOLING
  YESTERDAY        0                         0      0        0
  MONTH TO DATE    0                         0      0        2
  SINCE MAR 1      0                         0      0        2
  SINCE JAN 1      0                         0      0        2
..................................................................


WIND (MPH)
  HIGHEST WIND SPEED    25   HIGHEST WIND DIRECTION     W (260)
  HIGHEST GUST SPEED    37   HIGHEST GUST DIRECTION     W (270)
  AVERAGE WIND SPEED    10.7


SKY COVER
  AVERAGE SKY COVER 0.8


WEATHER CONDITIONS
 THE FOLLOWING WEATHER WAS RECORDED YESTERDAY.
  THUNDERSTORM
  HEAVY RAIN
  RAIN
  LIGHT RAIN
  FOG


RELATIVE HUMIDITY (PERCENT)
 HIGHEST   100           100 AM
 LOWEST     32           400 PM
 AVERAGE    66

..........................................................


THE BINGHAMTON NY CLIMATE NORMALS FOR TODAY
                         NORMAL    RECORD    YEAR
 MAXIMUM TEMPERATURE (F)   57        83      1985
 MINIMUM TEMPERATURE (F)   38        22      1975


SUNRISE AND SUNSET
APRIL 22 2015.........SUNRISE   613 AM EDT   SUNSET   753 PM EDT
APRIL 23 2015.........SUNRISE   611 AM EDT   SUNSET   754 PM EDT


-  INDICATES NEGATIVE NUMBERS.
R  INDICATES RECORD WAS SET OR TIED.
MM INDICATES DATA IS MISSING.
T  INDICATES TRACE AMOUNT.




$$
