000
CDUS41 KBGM 280604
CLIBGM


CLIMATE REPORT
NATIONAL WEATHER SERVICE BINGHAMTON NY
204 AM EDT TUE APR 28 2015


...................................

...THE BINGHAMTON NY CLIMATE SUMMARY FOR APRIL 27 2015...

CLIMATE NORMAL PERIOD 1981 TO 2010
CLIMATE RECORD PERIOD 1951 TO 2015


WEATHER ITEM   OBSERVED TIME   RECORD YEAR NORMAL DEPARTURE LAST
                VALUE   (LST)  VALUE       VALUE  FROM      YEAR
                                                  NORMAL
..................................................................
TEMPERATURE (F)
 YESTERDAY
  MAXIMUM         48   1238 PM  89    2009  59    -11       48
  MINIMUM         38    612 AM  28    2002  40     -2       37
                                      1998
                                      1993
  AVERAGE         43                        50     -7       43

PRECIPITATION (IN)
  YESTERDAY        0.01          0.90 1988   0.11  -0.10      T
  MONTH TO DATE    4.21                      3.09   1.12     2.14
  SINCE MAR 1      6.20                      6.08   0.12     4.82
  SINCE JAN 1     10.14                     10.84  -0.70    10.51

SNOWFALL (IN)
  YESTERDAY        0.0           0.3  2012   0.0    0.0      0.0
  MONTH TO DATE    2.8                       4.1   -1.3      1.0
  SINCE MAR 1     17.6                      19.2   -1.6      2.9
  SINCE JUL 1     93.4                      83.1   10.3     85.4
  SNOW DEPTH       0

DEGREE DAYS
 HEATING
  YESTERDAY       22                        16      6       22
  MONTH TO DATE  569                       558     11      543
  SINCE MAR 1   1739                      1555    184     1743
  SINCE JUL 1   7271                      6754    517     7214

 COOLING
  YESTERDAY        0                         0      0        0
  MONTH TO DATE    0                         0      0        2
  SINCE MAR 1      0                         0      0        2
  SINCE JAN 1      0                         0      0        2
..................................................................


WIND (MPH)
  HIGHEST WIND SPEED    21   HIGHEST WIND DIRECTION     N (350)
  HIGHEST GUST SPEED    27   HIGHEST GUST DIRECTION     N (340)
  AVERAGE WIND SPEED    10.7


SKY COVER
  AVERAGE SKY COVER 1.0


WEATHER CONDITIONS
 THE FOLLOWING WEATHER WAS RECORDED YESTERDAY.
  LIGHT RAIN


RELATIVE HUMIDITY (PERCENT)
 HIGHEST    93          1000 PM
 LOWEST     60           100 PM
 AVERAGE    77

..........................................................


THE BINGHAMTON NY CLIMATE NORMALS FOR TODAY
                         NORMAL    RECORD    YEAR
 MAXIMUM TEMPERATURE (F)   60        88      1990
 MINIMUM TEMPERATURE (F)   40        26      2012


SUNRISE AND SUNSET
APRIL 28 2015.........SUNRISE   604 AM EDT   SUNSET   800 PM EDT
APRIL 29 2015.........SUNRISE   603 AM EDT   SUNSET   801 PM EDT


-  INDICATES NEGATIVE NUMBERS.
R  INDICATES RECORD WAS SET OR TIED.
MM INDICATES DATA IS MISSING.
T  INDICATES TRACE AMOUNT.




$$
