000
CDUS41 KBGM 200223
CLIBGM


CLIMATE REPORT
NATIONAL WEATHER SERVICE BINGHAMTON NY
1023 PM EDT SUN APR 19 2015


...................................

...THE BINGHAMTON NY CLIMATE SUMMARY FOR APRIL 19 2015...
VALID AS OF 1000 PM LOCAL TIME.

CLIMATE NORMAL PERIOD 1981 TO 2010
CLIMATE RECORD PERIOD 1951 TO 2015


WEATHER ITEM   OBSERVED TIME   RECORD YEAR NORMAL DEPARTURE LAST
                VALUE   (LST)  VALUE       VALUE  FROM      YEAR
                                                  NORMAL
..................................................................
TEMPERATURE (F)
 TODAY
  MAXIMUM         65    327 PM  85    1976  56      9       52
  MINIMUM         36    528 AM  22    2001  37     -1       37
  AVERAGE         51                        47      4       45

PRECIPITATION (IN)
  TODAY            0.00          1.53 1998   0.11  -0.11     0.00
  MONTH TO DATE    2.68                      2.22   0.46     1.67
  SINCE MAR 1      4.67                      5.21  -0.54     4.35
  SINCE JAN 1      8.61                      9.97  -1.36    10.04

SNOWFALL (IN)
  TODAY            0.0           6.9  1983   0.1   -0.1      0.0
  MONTH TO DATE    2.3                       3.4   -1.1      1.0
  SINCE MAR 1     17.1                      18.5   -1.4      2.9
  SINCE JUL 1     92.9                      82.4   10.5     85.4
  SNOW DEPTH       0

DEGREE DAYS
 HEATING
  TODAY           14                        19     -5       20
  MONTH TO DATE  373                       423    -50      397
  SINCE MAR 1   1543                      1420    123     1597
  SINCE JUL 1   7075                      6619    456     7068

 COOLING
  TODAY            0                         0      0        0
  MONTH TO DATE    0                         0      0        2
  SINCE MAR 1      0                         0      0        2
  SINCE JAN 1      0                         0      0        2
..................................................................


WIND (MPH)
  HIGHEST WIND SPEED    20   HIGHEST WIND DIRECTION     S (170)
  HIGHEST GUST SPEED    27   HIGHEST GUST DIRECTION     S (160)
  AVERAGE WIND SPEED     8.5


SKY COVER
  AVERAGE SKY COVER 0.0


WEATHER CONDITIONS
 THE FOLLOWING WEATHER WAS RECORDED TODAY.
  NO SIGNIFICANT WEATHER WAS OBSERVED.


RELATIVE HUMIDITY (PERCENT)
 HIGHEST    64           400 AM
 LOWEST     20           200 PM
 AVERAGE    42

..........................................................


THE BINGHAMTON NY CLIMATE NORMALS FOR TOMORROW
                         NORMAL    RECORD    YEAR
 MAXIMUM TEMPERATURE (F)   56        80      1954
 MINIMUM TEMPERATURE (F)   38        24      1988
                                             1953


SUNRISE AND SUNSET
APRIL 19 2015.........SUNRISE   617 AM EDT   SUNSET   750 PM EDT
APRIL 20 2015.........SUNRISE   616 AM EDT   SUNSET   751 PM EDT


-  INDICATES NEGATIVE NUMBERS.
R  INDICATES RECORD WAS SET OR TIED.
MM INDICATES DATA IS MISSING.
T  INDICATES TRACE AMOUNT.




$$
